{"id":11,"date":"2017-06-16T14:29:52","date_gmt":"2017-06-16T12:29:52","guid":{"rendered":"http:\/\/phototherapie.be\/?page_id=11"},"modified":"2022-10-04T13:07:26","modified_gmt":"2022-10-04T11:07:26","slug":"insatisfaction-corporelle","status":"publish","type":"page","link":"https:\/\/phototherapie.be\/index.php\/insatisfaction-corporelle\/","title":{"rendered":"Insatisfaction corporelle"},"content":{"rendered":"\n\n\t<h4>Insatisfaction corporelle<\/h4>\n<h4>M\u00e9dias &#8211; Famille &#8211; Pression sociale<\/h4>\n\t<header>\n<h1><\/h1>\n<\/header>\n<h1>Pourquoi une telle insatisfaction ?<\/h1>\n<p>Dans certains h\u00f4pitaux, dans le service psychologie notamment sp\u00e9cialis\u00e9s dans le traitement des troubles li\u00e9s au corps et \u00e0 sa perception, les chiffres sont \u00e9loquents. En effet, il appara\u00eet que 90% de femmes et pr\u00e8s de 70% d&rsquo;adolescentes repr\u00e9sentent les proportions de patients pris en charge.<\/p>\n<p>La question qui vient alors \u00e0 l&rsquo;esprit est \u00ab\u00a0d&rsquo;o\u00f9 vient le probl\u00e8me\u00a0?\u00a0\u00bb.<\/p>\n<p>Les professionnels donnent les r\u00e9ponses suivantes\u00a0: des m\u00e9dias, des parents et de la pression sociale.<\/p>\n<p>Lorsque nous \u00e9voquons les troubles li\u00e9s au corps et \u00e0 sa perception, nous entendons par l\u00e0 les troubles tels que l&rsquo;anorexie, la boulimie, les automutilations, les manifestations li\u00e9es \u00e0 une non-acceptation de la relation au corps. Ces exemples rel\u00e8vent de cas extr\u00eames.<\/p>\n<p>Et l\u00e0, la Phototh\u00e9rapie peut et pourrait intervenir de mani\u00e8re pr\u00e9ventive<a href=\"http:\/\/coworkinglist.be\/insatisfaction-corporelle\/#_ftn1\" name=\"_ftnref1\">[1]<\/a>.<\/p>\n<p>L&rsquo;insatisfaction \u00e9prouv\u00e9e face \u00e0 un physique changeant, une \u00e9ternelle remise en question quant \u00e0 notre aspect, de l&rsquo;incompr\u00e9hension aux d\u00e9sillusions, il est important d&rsquo;\u00e9tablir ou r\u00e9tablir le contact avec notre \u00ab\u00a0meilleur ami\u00a0\u00bb, celui qui nous accompagne tout au long de notre vie, de l&rsquo;aimer, le choyer, en tentant de maintenir une harmonie entre ce corps et notre esprit.<\/p>\n<p>Et il n&rsquo;y a pas d&rsquo;\u00e2ge pr\u00e9cis pour s&rsquo;en soucier. \u00c0 ce jour j&rsquo;ai photographi\u00e9 des femmes de 13 \u00e0 56 ans. Il n&rsquo;est donc, semble-t-il, jamais trop tard ou trop t\u00f4t pour entreprendre de se r\u00e9concilier avec son apparence, de l&rsquo;apprivoiser et ainsi am\u00e9liorer ce sentiment de bien-\u00eatre.<\/p>\n<p>Nous pouvons, ici, souligner l&rsquo;impact d&rsquo;une soci\u00e9t\u00e9 globalement et hypocritement, osons le terme, sexiste ! Bien que ceci ne signifie nullement que la soci\u00e9t\u00e9 \u00e9pargne les hommes !<\/p>\n<h2>Les m\u00e9dias<\/h2>\n<p>Les femmes sont les premi\u00e8res victimes de l&rsquo;acharnement des m\u00e9dias \u00e0 diffuser l&rsquo;image de l&rsquo;\u00eatre parfait sur le plan physique, notamment l&rsquo;image du corps f\u00e9minin id\u00e9al. L&rsquo;av\u00e8nement de photoshop a rendu la t\u00e2che encore plus ardue pour accepter son physique sans se comparer, m\u00eame inconsciemment, \u00e0 des femmes qui r\u00e9ellement n&rsquo;existent pas.<\/p>\n<h2>La famille<\/h2>\nLe regard positif ou n\u00e9gatif qu&rsquo;un parent porte \u00e0 son enfant, la qualit\u00e9 des interactions pr\u00e9coces vont colorer le regard sur soi et peut entraver l&rsquo;\u00e9panouissement de l&rsquo;ado\u00a0vers\u00a0l&rsquo;adulte.\n<h2>La pression sociale<\/h2>\n<p>Dans bien des cas, la pression sociale nous pousse \u00e0 poser des choix qui vont \u00e0 l&rsquo;encontre de notre bien-\u00eatre. Ici aussi, le m\u00e9canisme en place est complexe et g\u00e9n\u00e9ralis\u00e9 issu de la culture et ses \u00ab\u00a0pr\u00e9ceptes\u00a0\u00bb. Il semblerait que notre soci\u00e9t\u00e9 cr\u00e9e, consciemment ou pas, des femmes complex\u00e9es \u00e0 divers niveaux (image de soi, r\u00f4les sociaux\u00a0&#8230;). Et les complexes ou malaises bien ancr\u00e9s, cette m\u00eame soci\u00e9t\u00e9 leur propose, pour les \u00ab\u00a0r\u00e9parer\u00a0\u00bb, une armada de produits miracles et moyens artificiels d\u00e9veloppant ainsi le besoin de consommation pour soigner le manque d&rsquo;estime et de confiance en soi. Miroir, mon beau miroir\u00a0!<\/p>\n<p>Et si nous prenions l&rsquo;histoire par l&rsquo;autre bout du miroir\u00a0?<\/p>\n<p>Et si la Phototh\u00e9rapie pouvait redonner confiance, si elle permettait d&rsquo;\u00eatre soi-m\u00eame sans recourir au principe-m\u00eame de surconsommation de produits qui donnent l&rsquo;illusion de l&rsquo;\u00e9panouissement personnel, miroir aux alouettes. Car la Phototh\u00e9rapie, finalement, c&rsquo;est un peu partir \u00e0 la rencontre de soi au-del\u00e0 du miroir&#8230;<\/p>\n<h2>Conclusion<\/h2>\n<p>Vous vous en serez dout\u00e9(e), la Phototh\u00e9rapie et la psychologie sont fortement reli\u00e9es entre elles. D&rsquo;ailleurs il convient de ne pas les dissocier l&rsquo;une de l&rsquo;autre, mais plut\u00f4t de les voir comme deux disciplines qui se compl\u00e9mentent. Si vous \u00eates psychologue, vous pourriez \u00eatre int\u00e9ress\u00e9(e) par <a href=\"http:\/\/phototherapie.be\/index.php\/vous-etes-psychologue\/\">cet article<\/a> qui propose la Phototh\u00e9rapie comme compl\u00e9ment d&rsquo;un traitement th\u00e9rapeutique&#8230;<\/p>\n\tEnfin, voici quelques liens utiles qui pourraient vous int\u00e9resser:\n<ul>\n<li><a href=\"https:\/\/www.facebook.com\/TPAMPbelgique\/\" target=\"_blank\" rel=\"noopener\">https:\/\/www.facebook.com\/TPAMPbelgique\/<\/a> (Une campagne contre le harc\u00e8lement de rue et le sexisme au quotidien. Lanc\u00e9e par ELLE Belgique, TPAMPbelgique est aujourd&rsquo;hui une asbl)<\/li>\n<li><a href=\"http:\/\/www.impertinentes.be\/\" target=\"_blank\" rel=\"noopener\">http:\/\/www.impertinentes.be\/<\/a> (r\u00e9flexion sur l&rsquo;image de la femme dans la soci\u00e9t\u00e9)<\/li>\n<\/ul>\n\t\t\t\t<a href=\"http:\/\/www.touchepasamapote.be\/\" target=\"_blank\" rel=\"noopener\" itemprop=\"url\">\n\t\t\t\t<img src=\"http:\/\/phototherapie.be\/wp-content\/uploads\/2017\/06\/touche-pas-\u00e0-ma-pote-150x150.jpg\" alt=\"touche-pas-\u00e0-ma-pote-phototh\u00e9rapie\" itemprop=\"image\" title=\"touche-pas-\u00e0-ma-pote\" onerror=\"this.style.display='none'\"  \/>\n\t\t\t\t<\/a>\n\t<h3><strong>Des questions ? Des commentaires ?<br \/>\n<\/strong>Partagez-nous votre ressenti<\/h3>\n\n","protected":false},"excerpt":{"rendered":"<p>Insatisfaction corporelle M\u00e9dias &#8211; Famille &#8211; Pression sociale Pourquoi une telle insatisfaction ? Dans certains h\u00f4pitaux, dans le service psychologie notamment sp\u00e9cialis\u00e9s dans le traitement des troubles li\u00e9s au corps et \u00e0 sa perception, les chiffres sont \u00e9loquents. En effet, il appara\u00eet que 90% de femmes et pr\u00e8s de 70% d&rsquo;adolescentes repr\u00e9sentent les proportions de&hellip;<\/p>\n","protected":false},"author":1,"featured_media":0,"parent":0,"menu_order":0,"comment_status":"closed","ping_status":"closed","template":"","meta":[],"_links":{"self":[{"href":"https:\/\/phototherapie.be\/index.php\/wp-json\/wp\/v2\/pages\/11"}],"collection":[{"href":"https:\/\/phototherapie.be\/index.php\/wp-json\/wp\/v2\/pages"}],"about":[{"href":"https:\/\/phototherapie.be\/index.php\/wp-json\/wp\/v2\/types\/page"}],"author":[{"embeddable":true,"href":"https:\/\/phototherapie.be\/index.php\/wp-json\/wp\/v2\/users\/1"}],"replies":[{"embeddable":true,"href":"https:\/\/phototherapie.be\/index.php\/wp-json\/wp\/v2\/comments?post=11"}],"version-history":[{"count":12,"href":"https:\/\/phototherapie.be\/index.php\/wp-json\/wp\/v2\/pages\/11\/revisions"}],"predecessor-version":[{"id":505,"href":"https:\/\/phototherapie.be\/index.php\/wp-json\/wp\/v2\/pages\/11\/revisions\/505"}],"wp:attachment":[{"href":"https:\/\/phototherapie.be\/index.php\/wp-json\/wp\/v2\/media?parent=11"}],"curies":[{"name":"wp","href":"https:\/\/api.w.org\/{rel}","templated":true}]}}