{"id":13,"date":"2017-06-16T14:30:41","date_gmt":"2017-06-16T12:30:41","guid":{"rendered":"http:\/\/phototherapie.be\/?page_id=13"},"modified":"2022-10-04T13:06:59","modified_gmt":"2022-10-04T11:06:59","slug":"pour-qui","status":"publish","type":"page","link":"https:\/\/phototherapie.be\/index.php\/pour-qui\/","title":{"rendered":"Pour qui ?"},"content":{"rendered":"\n\n\t<h4>\u00c0 qui s&rsquo;adresse la Phototh\u00e9rapie ?<\/h4>\n<h4>Nous vous aidons \u00e0 comprendre ci-dessous si la Phototh\u00e9rapie s&rsquo;applique \u00e0 votre situation<\/h4>\n\t<h2>\u00c0 qui s&rsquo;adresse ce concept ?<\/h2>\n<p>Je dirais&#8230; \u00e0 toute femme, principalement, qui a un soucis prononc\u00e9, ou pas, vis-\u00e0-vis de son image ou de son physique.<\/p>\n<p>Mon concept s&rsquo;adresse donc \u00e0 tout \u00eatre humain confront\u00e9 \u00e0 ces difficult\u00e9s l&#8217;emp\u00eachant de s&rsquo;\u00e9panouir.<\/p>\n<p>Ceci dit, il est important de souligner qu&rsquo;il n&rsquo;est pas ESSENTIEL d&rsquo;aller mal pour b\u00e9n\u00e9ficier des effets de la Phototh\u00e9rapie. L&rsquo;objectif recherch\u00e9 peut \u00eatre tr\u00e8s diff\u00e9rent d&rsquo;une personne \u00e0 une autre\u00a0: vouloir se sentir encore mieux dans sa peau, d\u00e9passer ses limites, se lancer des d\u00e9fis pour s&rsquo;\u00e9panouir encore plus&#8230; Tous ces objectifs et autres sont des objectifs individuels, personnels. Ils ont, cependant, un point commun, celui de se baser sur la notion essentielle de PLAISIR. Offrir ou s&rsquo;offrir une journ\u00e9e de Phototh\u00e9rapie, c&rsquo;est, avant toute chose, offrir ou s&rsquo;offrir le cadeau de \u00ab\u00a0se faire plaisir\u00a0\u00bb, de \u00ab\u00a0se faire du bien\u00a0\u00bb, de \u00ab\u00a0prendre soin de soi\u00a0\u00bb, de \u00ab\u00a0s&rsquo;accorder du temps rien qu&rsquo;\u00e0 soi\u00a0\u00bb&#8230;<\/p>\n<p>Les al\u00e9as de la vie peuvent vous blesser, vous malmener, comme un burn-out, une s\u00e9paration amoureuse, une d\u00e9pression, un conjoint abusif, autant d&rsquo;\u00e9l\u00e9ments qui peuvent alt\u00e9rer votre capacit\u00e9 de prendre soin de vous&#8230; Ils peuvent \u00e9gratigner, effriter, ab\u00eemer votre confiance en vous, votre image de vous, votre estime de vous-m\u00eame. Ils peuvent affaiblir l&rsquo;attention que vous vous portez, tout comme le contr\u00f4le de votre f\u00e9minit\u00e9 apr\u00e8s une grossesse par exemple ou tout autre \u00e9v\u00e9nement qui vous aurait amen\u00e9 \u00e0 un certain \u00ab\u00a0laisser-aller\u00a0\u00bb.<\/p>\n<h2>Donc, la Phototh\u00e9rapie peut vous parler si&#8230;<\/h2>\n<p>Vous voudriez vous d\u00e9barrasser de complexes surdimensionn\u00e9s par rapport \u00e0 la r\u00e9alit\u00e9, ou du moins les relativiser afin de transformer l&rsquo;\u00e9nergie que vous d\u00e9pensez \u00e0 les combattre en une nouvelle \u00e9nergie positive que vous exprimeriez dans bien d&rsquo;autres domaines de votre vie.<\/p>\n<ul>\n<li>Si vous souhaitez raviver la flamme ou am\u00e9liorer votre vie conjugale.<\/li>\n<li>Si vous souhaitez aider votre enfant sur son chemin vers l&rsquo;\u00e2ge adulte en toute harmonie, loin des tabous, de l&rsquo;incompr\u00e9hension, des transformations corporelles et mentales li\u00e9es \u00e0 la pubert\u00e9.<\/li>\n<li>Si la maladie a affaibli mentalement et\/ou ab\u00eem\u00e9 le corps.<\/li>\n<li>Si vous souhaitez l&rsquo;acceptation de votre image et que cela repr\u00e9sente un d\u00e9fi \u00e0 vos yeux.<\/li>\n<li>Ou encore, si pour des raisons professionnelles, vous souhaitez apprendre \u00e0 contr\u00f4ler votre image et ainsi gagner plus de confiance en vous pour la transmettre aux autres.<\/li>\n<li>Si vous ne vous reconnaissez plus dans le miroir.<\/li>\n<li>Si vous voyez plus de d\u00e9fauts que de qualit\u00e9 ou beaut\u00e9.<\/li>\n<li>Pour celles qui veulent assumer toutes les facettes de leur personnalit\u00e9, \u00eatre en harmonie avec toutes&#8230; pour \u00eatre et faire Une.<\/li>\n<li>Femmes et Hommes en transition<\/li>\n<li>Pr\u00e9venir le risque d&rsquo;insatisfaction physique chez nos enfants et les aider \u00e0 s&rsquo;\u00e9panouir. Pour enfin s&rsquo;accepter et s&rsquo;aimer physiquement.<\/li>\n<\/ul>\n<p>La Liste est longue et la vie changeante. De plus il n&rsquo;y a aucune corr\u00e9lation entre la beaut\u00e9 r\u00e9elle et ressentie , les d\u00e9fauts r\u00e9els et ressentis.<\/p>\n<h2>Conclusion<\/h2>\n\n\t<h3><strong>Des questions ? Des commentaires ?<br \/>\n<\/strong>Partagez-nous votre ressenti<\/h3>\n\n","protected":false},"excerpt":{"rendered":"<p>\u00c0 qui s&rsquo;adresse la Phototh\u00e9rapie ? Nous vous aidons \u00e0 comprendre ci-dessous si la Phototh\u00e9rapie s&rsquo;applique \u00e0 votre situation \u00c0 qui s&rsquo;adresse ce concept ? Je dirais&#8230; \u00e0 toute femme, principalement, qui a un soucis prononc\u00e9, ou pas, vis-\u00e0-vis de son image ou de son physique. Mon concept s&rsquo;adresse donc \u00e0 tout \u00eatre humain confront\u00e9&hellip;<\/p>\n","protected":false},"author":1,"featured_media":0,"parent":0,"menu_order":0,"comment_status":"closed","ping_status":"closed","template":"","meta":[],"_links":{"self":[{"href":"https:\/\/phototherapie.be\/index.php\/wp-json\/wp\/v2\/pages\/13"}],"collection":[{"href":"https:\/\/phototherapie.be\/index.php\/wp-json\/wp\/v2\/pages"}],"about":[{"href":"https:\/\/phototherapie.be\/index.php\/wp-json\/wp\/v2\/types\/page"}],"author":[{"embeddable":true,"href":"https:\/\/phototherapie.be\/index.php\/wp-json\/wp\/v2\/users\/1"}],"replies":[{"embeddable":true,"href":"https:\/\/phototherapie.be\/index.php\/wp-json\/wp\/v2\/comments?post=13"}],"version-history":[{"count":10,"href":"https:\/\/phototherapie.be\/index.php\/wp-json\/wp\/v2\/pages\/13\/revisions"}],"predecessor-version":[{"id":504,"href":"https:\/\/phototherapie.be\/index.php\/wp-json\/wp\/v2\/pages\/13\/revisions\/504"}],"wp:attachment":[{"href":"https:\/\/phototherapie.be\/index.php\/wp-json\/wp\/v2\/media?parent=13"}],"curies":[{"name":"wp","href":"https:\/\/api.w.org\/{rel}","templated":true}]}}