{"id":17,"date":"2017-06-16T14:30:24","date_gmt":"2017-06-16T12:30:24","guid":{"rendered":"http:\/\/phototherapie.be\/?page_id=17"},"modified":"2025-09-16T11:29:51","modified_gmt":"2025-09-16T09:29:51","slug":"la-presse-en-parle","status":"publish","type":"page","link":"https:\/\/phototherapie.be\/index.php\/la-presse-en-parle\/","title":{"rendered":"La presse en parle"},"content":{"rendered":"\n\n\t<h4>La presse s&rsquo;int\u00e9resse \u00e0 la Phototh\u00e9rapie<\/h4>\n<h4>La presse commence \u00e0 s&rsquo;int\u00e9resser \u00e0 la Phototh\u00e9rapie lors d&rsquo;\u00e9missions radio et TV. Retrouvez ici quelques exemples.<\/h4>\n\t\t\t\t<img loading=\"lazy\" src=\"https:\/\/phototherapie.be\/wp-content\/uploads\/2024\/09\/R.png\" alt=\"R\" itemprop=\"image\" height=\"1088\" width=\"1920\" title=\"R\" onerror=\"this.style.display='none'\"  \/>\n<h3>\n\t<\/h3>\n<h3>\n\t\tEmission tv\n\t<\/h3>\n\t<p>Photot\u00e9rapie Jean mahaux<\/p>\n<h3>\n\t<\/h3>\n\t\t\t<a href=\"https:\/\/youtu.be\/K91S7FgYOBA\" target=\"_blank\" role=\"button\" rel=\"noopener\">\n\t\t\t\t\t\t\tCliquez ici\n\t\t\t\t\t<\/a>\n\t\t\t\t<img loading=\"lazy\" src=\"https:\/\/phototherapie.be\/wp-content\/uploads\/2025\/09\/telechargement-6.png\" alt=\"t\u00e9l\u00e9chargement (6)\" itemprop=\"image\" height=\"148\" width=\"259\" title=\"t\u00e9l\u00e9chargement (6)\" onerror=\"this.style.display='none'\"  \/>\n<h3>\n\t<\/h3>\n<h3>\n\t\tArticle\u00a0\n\t<\/h3>\n\t<p>Phototh\u00e9rapie :<\/p>\nJean Mahaux rend aux femmes<br \/>\nleur confiance en elles\n<h3>\n\t<\/h3>\n\t\t\t<a href=\"https:\/\/phototherapie.be\/wp-content\/uploads\/2025\/09\/Photothe\u0301rapie-_-Jean-Mahaux-rend-aux-femmes-leur-confiance-en-elles-Moustique.pdf\" target=\"_blank\" role=\"button\" rel=\"noopener\">\n\t\t\t\t\t\t\tCliquez ici\n\t\t\t\t\t<\/a>\n\t\t\t\t<img loading=\"lazy\" src=\"https:\/\/phototherapie.be\/wp-content\/uploads\/2020\/12\/test.png\" alt=\"test\" itemprop=\"image\" height=\"98\" width=\"512\" title=\"test\" onerror=\"this.style.display='none'\"  \/>\n<h3>\n\t<\/h3>\n<h3>\n\t\tArticle\n\t<\/h3>\n\t<p>Psychologie Jean mahaux<\/p>\n<h3>\n\t<\/h3>\n\t\t\t<a href=\"https:\/\/phototherapie.be\/wp-content\/uploads\/2021\/12\/MAHAUX-FR.pdf\" target=\"_blank\" role=\"button\" rel=\"noopener\">\n\t\t\t\t\t\t\tCliquez ici\n\t\t\t\t\t<\/a>\n\t\t\t\t<img loading=\"lazy\" src=\"https:\/\/phototherapie.be\/wp-content\/uploads\/2021\/12\/1-ere.png\" alt=\"1 ere\" itemprop=\"image\" height=\"160\" width=\"315\" title=\"1 ere\" onerror=\"this.style.display='none'\"  \/>\n<h3>\n\t<\/h3>\n<h3>\n\t\tVid\u00e9o\n\t<\/h3>\n\t<p>Radio &#8211; Tendances Premi\u00e8re<\/p>\n<p>La phototh\u00e9rapie ou quand l&rsquo;art vous soigne<\/p>\n<h3>\n\t<\/h3>\n\t\t\t<a href=\"https:\/\/www.youtube.com\/watch?v=ZeLsDRj8b0w&#038;t=36s\" target=\"_blank\" role=\"button\" rel=\"noopener\">\n\t\t\t\t\t\t\tCliquez ici\n\t\t\t\t\t<\/a>\n\t\t\t\t<img loading=\"lazy\" src=\"https:\/\/phototherapie.be\/wp-content\/uploads\/2021\/12\/viva.png\" alt=\"viva\" itemprop=\"image\" height=\"169\" width=\"298\" title=\"viva\" onerror=\"this.style.display='none'\"  \/>\n<h3>\n\t<\/h3>\n<h3>\n\t\tVid\u00e9o\n\t<\/h3>\n\t<p>Phototh\u00e9rapie (EPS)<\/p>\n<h3>\n\t<\/h3>\n\t\t\t<a href=\"https:\/\/www.youtube.com\/watch?v=ZeLsDRj8b0w&#038;t=60s\" target=\"_blank\" role=\"button\" rel=\"noopener\">\n\t\t\t\t\t\t\tCliquez ici\n\t\t\t\t\t<\/a>\n\t\t\t\t<img loading=\"lazy\" src=\"https:\/\/phototherapie.be\/wp-content\/uploads\/2020\/12\/test.png\" alt=\"test\" itemprop=\"image\" height=\"98\" width=\"512\" title=\"test\" onerror=\"this.style.display='none'\"  \/>\n<h3>\n\t<\/h3>\n<h3>\n\t\tArticle\n\t<\/h3>\n\t<p>Psychologie Jean mahaux<\/p>\n<h3>\n\t<\/h3>\n\t\t\t<a href=\"https:\/\/phototherapie.be\/wp-content\/uploads\/2021\/09\/psychologie-magasine.jpg\" target=\"_blank\" role=\"button\" rel=\"noopener\">\n\t\t\t\t\t\t\tCliquez ici\n\t\t\t\t\t<\/a>\n\t\t\t\t<img loading=\"lazy\" src=\"https:\/\/phototherapie.be\/wp-content\/uploads\/2017\/06\/2926541893-300x90.jpeg\" alt=\"2926541893-300x90\" itemprop=\"image\" height=\"90\" width=\"300\" title=\"2926541893-300x90\" onerror=\"this.style.display='none'\"  \/>\n<h3>\n\t<\/h3>\n<h3>\n\t\tArticle\n\t<\/h3>\n\t<p>Sous l&rsquo;objectif de Jean mahaux<\/p>\n<h3>\n\t<\/h3>\n\t\t\t<a href=\"https:\/\/phototherapie.be\/wp-content\/uploads\/2021\/04\/20210426_VA_HW_014_14.pdf\" target=\"_blank\" role=\"button\" rel=\"noopener\">\n\t\t\t\t\t\t\tCliquez ici\n\t\t\t\t\t<\/a>\n\t\t\t\t<img loading=\"lazy\" src=\"https:\/\/phototherapie.be\/wp-content\/uploads\/2020\/12\/logo.png\" alt=\"logo\" itemprop=\"image\" height=\"225\" width=\"225\" title=\"logo\" onerror=\"this.style.display='none'\"  \/>\n<h3>\n\t<\/h3>\n<h3>\n\t\tVid\u00e9o\n\t<\/h3>\n\t<p>Sud Radio<\/p>\n<h3>\n\t<\/h3>\n\t\t\t<a href=\"https:\/\/www.youtube.com\/watch?v=bbpn2gUXSoE\" target=\"_blank\" role=\"button\" rel=\"noopener\">\n\t\t\t\t\t\t\tCliquez ici\n\t\t\t\t\t<\/a>\n\t\t\t\t<img loading=\"lazy\" src=\"https:\/\/phototherapie.be\/wp-content\/uploads\/2020\/12\/test.png\" alt=\"test\" itemprop=\"image\" height=\"98\" width=\"512\" title=\"test\" onerror=\"this.style.display='none'\"  \/>\n\t<h3>Article<\/h3>\n<h4>Jean Mahaux phototh\u00e9rapie<\/h4>\n\t\t\t<a href=\"https:\/\/phototherapie.be\/wp-content\/uploads\/2020\/12\/phototherapie.jpg\" target=\"_blank\" role=\"button\" rel=\"noopener\">\n\t\t\t\t\t\t\tCliquez ici\n\t\t\t\t\t<\/a>\n\t\t\t\t<img src=\"http:\/\/phototherapie.be\/wp-content\/uploads\/2020\/10\/LN24_-_Logo.png\" alt=\"LN24_-_Logo\" itemprop=\"image\" title=\"LN24_-_Logo\" onerror=\"this.style.display='none'\"  \/>\n\t<h3>Interview TV<\/h3>\n<h4>Jean Mahaux phototh\u00e9rapie<\/h4>\n\t\t\t<a href=\"https:\/\/www.youtube.com\/watch?v=HD3Vf8XMYZ8\" target=\"_blank\" role=\"button\" rel=\"noopener\">\n\t\t\t\t\t\t\tCliquez ici\n\t\t\t\t\t<\/a>\n\t\t\t\t<img src=\"http:\/\/phototherapie.be\/wp-content\/uploads\/2020\/09\/rtl-tvi.jpg\" alt=\"rtl-tvi\" itemprop=\"image\" title=\"rtl-tvi\" onerror=\"this.style.display='none'\"  \/>\n<h3>\n\t\tVid\u00e9o\n\t<\/h3>\n\t<p>Emission Co\u00fbte que co\u00fbte.<\/p>\n\t\t\t<a href=\"https:\/\/www.youtube.com\/watch?v=ZTsMO11s17k\" target=\"_blank\" role=\"button\" rel=\"noopener\">\n\t\t\t\t\t\t\tCliquez ici\n\t\t\t\t\t<\/a>\n\t\t\t\t<img src=\"http:\/\/phototherapie.be\/wp-content\/uploads\/2019\/10\/logo-300x69.png\" alt=\"logo\" itemprop=\"image\" title=\"logo\" onerror=\"this.style.display='none'\"  \/>\n<h3>\n\t\tArticle\n\t<\/h3>\n\t<p>J&rsquo;ai test\u00e9 pour vous la phototh\u00e9rapie.<\/p>\n<p>Et \u00e7a a litt\u00e9ralement chang\u00e9 ma vie !<\/p>\n\t\t\t<a href=\"http:\/\/phototherapie.be\/wp-content\/uploads\/2020\/09\/bio-tempo.pdf\" target=\"_blank\" role=\"button\" rel=\"noopener\">\n\t\t\t\t\t\t\tCliquez ici\n\t\t\t\t\t<\/a>\n\t\t\t\t<img src=\"http:\/\/phototherapie.be\/wp-content\/uploads\/2019\/04\/la-libre-300x105.png\" alt=\"la libre\" itemprop=\"image\" title=\"la libre\" onerror=\"this.style.display='none'\"  \/>\n<h3>\n\t\tArticle\n\t<\/h3>\n\t<p>Jean Mahaux &#8211; Phototh\u00e9rapie<\/p>\n\t\t\t<a href=\"https:\/\/phototherapie.be\/wp-content\/uploads\/2021\/09\/pdf-deux.pdf\" target=\"_blank\" role=\"button\" rel=\"noopener\">\n\t\t\t\t\t\t\tCliquez ici\n\t\t\t\t\t<\/a>\n\t\t\t\t<img src=\"http:\/\/phototherapie.be\/wp-content\/uploads\/2019\/10\/tout-savoir-magazine-cover-1.jpg\" alt=\"tout savoir magazine cover 1\" itemprop=\"image\" title=\"tout savoir magazine cover 1\" onerror=\"this.style.display='none'\"  \/>\n<h3>\n\t\tArticle\n\t<\/h3>\n\t<p>Bien dans sa t\u00eate avec la phototh\u00e9rapie<\/p>\n\t\t\t<a href=\"http:\/\/phototherapie.be\/wp-content\/uploads\/2019\/10\/tout-savoir-002.jpg\" target=\"_blank\" role=\"button\" rel=\"noopener\">\n\t\t\t\t\t\t\tCliquez ici\n\t\t\t\t\t<\/a>\n\t\t\t\t<img src=\"http:\/\/phototherapie.be\/wp-content\/uploads\/2018\/10\/th-150x150.jpg\" alt=\"th\" itemprop=\"image\" title=\"th\" onerror=\"this.style.display='none'\"  \/>\n\t<h3>Vid\u00e9o<\/h3>\n<h4>\u00a0la phototh\u00e9rapie<\/h4>\n<p>&nbsp;<\/p>\n\t\t\t<a href=\"https:\/\/www.youtube.com\/watch?v=QxNPOc1HntY\" target=\"_blank\" role=\"button\" rel=\"noopener\">\n\t\t\t\t\t\t\tCliquez ici\n\t\t\t\t\t<\/a>\n\t\t\t\t<img src=\"http:\/\/phototherapie.be\/wp-content\/uploads\/2018\/05\/soirmaglogo.gif\" alt=\"soirmaglogo\" itemprop=\"image\" title=\"soirmaglogo\" onerror=\"this.style.display='none'\"  \/>\n\t<h3>Article de presse<\/h3>\n<p>Retrouvez l&rsquo;article :<\/p>\n\t\t\t<a href=\"http:\/\/phototherapie.be\/wp-content\/uploads\/2018\/06\/article-soir-mag-1.pdf\" target=\"_blank\" role=\"button\" rel=\"noopener\">\n\t\t\t\t\t\t\tCliquez ici\n\t\t\t\t\t<\/a>\n\t\t\t\t<img src=\"http:\/\/phototherapie.be\/wp-content\/uploads\/2017\/06\/LOGO_RTBF.BE_-300x81.jpeg\" alt=\"LOGO_RTBF.BE_-300x81\" itemprop=\"image\" title=\"LOGO_RTBF.BE_-300x81\" onerror=\"this.style.display='none'\"  \/>\n\t<h3>Reportage vid\u00e9o<\/h3>\n<p>Retrouvez l&rsquo;extrait du reportage vid\u00e9o :<\/p>\n\t\t\t<a href=\"https:\/\/www.youtube.com\/watch?v=CRGjRdj6w5Y\" target=\"_blank\" role=\"button\" rel=\"noopener\">\n\t\t\t\t\t\t\tCliquez ici\n\t\t\t\t\t<\/a>\n\t\t\t\t<img src=\"http:\/\/phototherapie.be\/wp-content\/uploads\/2019\/10\/logo-300x69.png\" alt=\"logo\" itemprop=\"image\" title=\"logo\" onerror=\"this.style.display='none'\"  \/>\n<h3>\n\t\tArticle\n\t<\/h3>\n\t<p>L&rsquo;impact de la photographie d&rsquo;estime de soi<\/p>\n<p>sur\u00a0 l&rsquo;estime de soi!<\/p>\n\t\t\t<a href=\"https:\/\/phototherapie.be\/wp-content\/uploads\/2020\/12\/photographie-bio-tempo.jpg\" target=\"_blank\" role=\"button\" rel=\"noopener\">\n\t\t\t\t\t\t\tCliquez ici\n\t\t\t\t\t<\/a>\n\t\t\t\t<img src=\"http:\/\/phototherapie.be\/wp-content\/uploads\/2018\/12\/47680332_548984365574659_8585561808486531072_n.png\" alt=\"47680332_548984365574659_8585561808486531072_n\" itemprop=\"image\" title=\"47680332_548984365574659_8585561808486531072_n\" onerror=\"this.style.display='none'\"  \/>\n\t<h3>Article de Presse<\/h3>\n<p>Retrouvez l&rsquo;extrait du reportage vid\u00e9o :<\/p>\n\t\t\t<a href=\"https:\/\/www.fiftyandmemagazine.be\/fr\/bien-etre\/psycho\/booster-sa-confiance-en-soi-grace-a-la-phototherapie\" target=\"_blank\" role=\"button\" rel=\"noopener\">\n\t\t\t\t\t\t\tCliquez ici\n\t\t\t\t\t<\/a>\n\t\t\t\t<img src=\"http:\/\/phototherapie.be\/wp-content\/uploads\/2017\/06\/vivacite-300x168.png\" alt=\"vivacite-300x168\" itemprop=\"image\" title=\"vivacite-300x168\" onerror=\"this.style.display='none'\"  \/>\n\t<h3>Emission de radio<\/h3>\n<p>Retrouvez l&rsquo;extrait de La Vie du Bon C\u00f4t\u00e9 avec Sylvie Honor\u00e9 :<\/p>\n\t\t\t<a href=\"https:\/\/www.youtube.com\/watch?v=FEGrDOFvzeQ\" target=\"_blank\" role=\"button\" rel=\"noopener\">\n\t\t\t\t\t\t\tCliquez ici\n\t\t\t\t\t<\/a>\n\t\t\t\t<img src=\"http:\/\/phototherapie.be\/wp-content\/uploads\/2017\/06\/elle_newsletter_logo.png\" alt=\"elle_newsletter_logo\" itemprop=\"image\" title=\"elle_newsletter_logo\" onerror=\"this.style.display='none'\"  \/>\n\t<h3>Magazine<\/h3>\n<p>D\u00e9couvrez l&rsquo;article<\/p>\n\t\t\t<a href=\"http:\/\/www.elle.be\/fr\/147047-phototherapie-vaincre-complexes-ca-fonctionne.html\" target=\"_blank\" role=\"button\" rel=\"noopener\">\n\t\t\t\t\t\t\tCliquez ici\n\t\t\t\t\t<\/a>\n\t\t\t\t<img src=\"http:\/\/phototherapie.be\/wp-content\/uploads\/2018\/12\/45725352_366205777452013_99828959948046336_n.png\" alt=\"45725352_366205777452013_99828959948046336_n\" itemprop=\"image\" title=\"45725352_366205777452013_99828959948046336_n\" onerror=\"this.style.display='none'\"  \/>\n\t<h3>Magazine<\/h3>\n<p>D\u00e9couvrez l&rsquo;article<\/p>\n\t\t\t<a href=\"http:\/\/phototherapie.be\/wp-content\/uploads\/2018\/12\/45576424_736713983357448_5725356564240400384_n.jpg\" target=\"_blank\" role=\"button\" rel=\"noopener\">\n\t\t\t\t\t\t\tCliquez ici\n\t\t\t\t\t<\/a>\n\t\t\t\t<img src=\"http:\/\/phototherapie.be\/wp-content\/uploads\/2019\/10\/WOWO.png\" alt=\"WOWO\" itemprop=\"image\" title=\"WOWO\" onerror=\"this.style.display='none'\"  \/>\n\t<h3>Article<\/h3>\n<p>R\u00e9seau de femmes d&rsquo;affaires<\/p>\n\t\t\t<a href=\"http:\/\/phototherapie.be\/wp-content\/uploads\/2019\/10\/WOWO.jpg\" target=\"_blank\" role=\"button\" rel=\"noopener\">\n\t\t\t\t\t\t\tCliquez ici\n\t\t\t\t\t<\/a>\n\t\t\t\t<img src=\"http:\/\/phototherapie.be\/wp-content\/uploads\/2019\/10\/LogoMarque__0000s_0044_LAMEUSE.eps_-150x150.png\" alt=\"LogoMarque__0000s_0044_LAMEUSE.eps\" itemprop=\"image\" title=\"LogoMarque__0000s_0044_LAMEUSE.eps\" onerror=\"this.style.display='none'\"  \/>\n\t<h3>Article<\/h3>\n<p>Des clich\u00e9s qui vous veulent du bien !<\/p>\n\t\t\t<a href=\"http:\/\/phototherapie.be\/wp-content\/uploads\/2019\/10\/la-meuse.jpg\" target=\"_blank\" role=\"button\" rel=\"noopener\">\n\t\t\t\t\t\t\tCliquez ici\n\t\t\t\t\t<\/a>\n\t\t\t\t<img src=\"http:\/\/phototherapie.be\/wp-content\/uploads\/2018\/12\/th.jpg\" alt=\"th\" itemprop=\"image\" title=\"th\" onerror=\"this.style.display='none'\"  \/>\n\t<h3>Article<\/h3>\n<p>La phototh\u00e9rapie<\/p>\n\t\t\t<a href=\"https:\/\/www.cheriefm.be\/articles\/la-phototherapie-par-jean-mahaux.html?fbclid=IwAR0InrjhDgNS_0uMar2YsIqdeU_EUUXLHzLMAXzktTkObPSwVOKlpgW-rHk\" target=\"_blank\" role=\"button\" rel=\"noopener\">\n\t\t\t\t\t\t\tCliquez ici\n\t\t\t\t\t<\/a>\n\t\t\t\t<img src=\"http:\/\/phototherapie.be\/wp-content\/uploads\/2018\/06\/visuals-000342481732-XNG8T5-original.jpg\" alt=\"visuals-000342481732-XNG8T5-original\" itemprop=\"image\" title=\"visuals-000342481732-XNG8T5-original\" onerror=\"this.style.display='none'\"  \/>\n\t<h3>Podcast<\/h3>\n<h4>Un podcast sur la phototh\u00e9rapie avec\u00a0Sophie Querton<\/h4>\n\t\t\t<a href=\"https:\/\/soundcloud.com\/cajecoute\/10-there-is-no-way-back-jean-mahaux\" target=\"_blank\" role=\"button\" rel=\"noopener\">\n\t\t\t\t\t\t\tCliquez ici\n\t\t\t\t\t<\/a>\n\t\t\t\t<img src=\"http:\/\/phototherapie.be\/wp-content\/uploads\/2017\/06\/1007_300x170_2014-10-08-17-45-26-52.png\" alt=\"1007_300x170_2014-10-08-17-45-26-52\" itemprop=\"image\" title=\"1007_300x170_2014-10-08-17-45-26-52\" onerror=\"this.style.display='none'\"  \/>\n\t<h3>Interview Radio<\/h3>\n<h4>Jean Mahaux phototh\u00e9rapie<\/h4>\n\t\t\t<a href=\"https:\/\/www.youtube.com\/watch?v=irAcEPGL9bc&#038;t=606s\" target=\"_blank\" role=\"button\" rel=\"noopener\">\n\t\t\t\t\t\t\tCliquez ici\n\t\t\t\t\t<\/a>\n\t\t\t\t<img src=\"http:\/\/phototherapie.be\/wp-content\/uploads\/2020\/10\/attachment.png\" alt=\"attachment\" itemprop=\"image\" title=\"attachment\" onerror=\"this.style.display='none'\"  \/>\n\t<h3>Article<\/h3>\n<h4>Jean Mahaux phototh\u00e9rapie<\/h4>\n\t\t\t<a href=\"https:\/\/www.7sur7.be\/dossier-liege-et-sa-region\/la-phototheraetshy-pie-pour-retrouver-confiance-en-soi-c-est-comme-si-plus-rien-ne-pouvait-m-atteindre~a447a894\/?fbclid=IwAR2Ln31JPm-xdDXqC68dfMcES4To8_IwKDydJIGXvQXFfBlUnJajjGUX7Ug&#038;referrer=https%3A%2F%2Fbusiness.facebook.com%2F\" target=\"_blank\" role=\"button\" rel=\"noopener\">\n\t\t\t\t\t\t\tCliquez ici\n\t\t\t\t\t<\/a>\n\t\t\t\t<img loading=\"lazy\" src=\"https:\/\/phototherapie.be\/wp-content\/uploads\/2020\/12\/test.png\" alt=\"test\" itemprop=\"image\" height=\"98\" width=\"512\" title=\"test\" onerror=\"this.style.display='none'\"  \/>\n\t<h3>Article<\/h3>\n<h4>Jean Mahaux phototh\u00e9rapie<\/h4>\n\n<p>&nbsp;<\/p>\n\t\t\t<a href=\"https:\/\/phototherapie.be\/wp-content\/uploads\/2022\/03\/psycho-scaled.jpg\" target=\"_blank\" role=\"button\" rel=\"noopener\">\n\t\t\t\t\t\t\tCliquez ici\n\t\t\t\t\t<\/a>\n\t\t\t\t<img loading=\"lazy\" src=\"https:\/\/phototherapie.be\/wp-content\/uploads\/2022\/03\/deuzio.png\" alt=\"deuzio\" itemprop=\"image\" height=\"412\" width=\"1400\" title=\"deuzio\" onerror=\"this.style.display='none'\"  \/>\n\t<h3>Article<\/h3>\n<h4>Jean Mahaux phototh\u00e9rapie<\/h4>\n\n<p>&nbsp;<\/p>\n\t\t\t<a href=\"https:\/\/phototherapie.be\/wp-content\/uploads\/2022\/03\/disio.jpg\" target=\"_blank\" role=\"button\" rel=\"noopener\">\n\t\t\t\t\t\t\tCliquez ici\n\t\t\t\t\t<\/a>\n\t\t\t\t<img loading=\"lazy\" src=\"https:\/\/phototherapie.be\/wp-content\/uploads\/2020\/12\/test.png\" alt=\"test\" itemprop=\"image\" height=\"98\" width=\"512\" title=\"test\" onerror=\"this.style.display='none'\"  \/>\n<h3>\n\t<\/h3>\n<h3>\n\t\tArticle\n\t<\/h3>\n\t<p>Psychologie Jean mahaux<\/p>\n<h3>\n\t<\/h3>\n\t\t\t<a href=\"https:\/\/phototherapie.be\/wp-content\/uploads\/2023\/07\/phototherapie-scaled.jpg\" target=\"_blank\" role=\"button\" rel=\"noopener\">\n\t\t\t\t\t\t\tCliquez ici\n\t\t\t\t\t<\/a>\n\t\t\t\t<img loading=\"lazy\" src=\"https:\/\/phototherapie.be\/wp-content\/uploads\/2024\/09\/OIP.jpeg\" alt=\"OIP\" itemprop=\"image\" height=\"210\" width=\"474\" title=\"OIP\" onerror=\"this.style.display='none'\"  \/>\n<h3>\n\t<\/h3>\n<h3>\n\t\tRadio\n\t<\/h3>\n\t<p>Photot\u00e9rapie Jean mahaux<\/p>\n<h3>\n\t<\/h3>\n\t\t\t<a href=\"https:\/\/youtu.be\/XlWWEsuBk5U\" target=\"_blank\" role=\"button\" rel=\"noopener\">\n\t\t\t\t\t\t\tCliquez ici\n\t\t\t\t\t<\/a>\n\t\t\t\t<img src=\"http:\/\/phototherapie.be\/wp-content\/uploads\/2017\/06\/2926541893-300x90.jpeg\" alt=\"2926541893-300x90\" itemprop=\"image\" title=\"2926541893-300x90\" onerror=\"this.style.display='none'\"  \/>\n\t<h3>Article de Presse<\/h3>\n<p>D\u00e9couvrez l&rsquo;article :<\/p>\n\t\t\t<a href=\"http:\/\/phototherapie.be\/wp-content\/uploads\/2017\/06\/photothe\u0301rapie.pdf\" target=\"_blank\" role=\"button\" rel=\"noopener\">\n\t\t\t\t\t\t\tCliquez ici\n\t\t\t\t\t<\/a>\n<h3>Vous souhaitez \u00e9crire un article ? Un reportage vid\u00e9o ? Une \u00e9mission TV ? Ou un passage radio ? Contactez-nous.<br \/>\n<\/h3>\n\n","protected":false},"excerpt":{"rendered":"<p>La presse s&rsquo;int\u00e9resse \u00e0 la Phototh\u00e9rapie La presse commence \u00e0 s&rsquo;int\u00e9resser \u00e0 la Phototh\u00e9rapie lors d&rsquo;\u00e9missions radio et TV. Retrouvez ici quelques exemples. Emission tv Photot\u00e9rapie Jean mahaux Cliquez ici Article\u00a0 Phototh\u00e9rapie : Jean Mahaux rend aux femmes leur confiance en elles Cliquez ici Article Psychologie Jean mahaux Cliquez ici Vid\u00e9o Radio &#8211; Tendances Premi\u00e8re&hellip;<\/p>\n","protected":false},"author":1,"featured_media":0,"parent":0,"menu_order":0,"comment_status":"closed","ping_status":"closed","template":"","meta":[],"_links":{"self":[{"href":"https:\/\/phototherapie.be\/index.php\/wp-json\/wp\/v2\/pages\/17"}],"collection":[{"href":"https:\/\/phototherapie.be\/index.php\/wp-json\/wp\/v2\/pages"}],"about":[{"href":"https:\/\/phototherapie.be\/index.php\/wp-json\/wp\/v2\/types\/page"}],"author":[{"embeddable":true,"href":"https:\/\/phototherapie.be\/index.php\/wp-json\/wp\/v2\/users\/1"}],"replies":[{"embeddable":true,"href":"https:\/\/phototherapie.be\/index.php\/wp-json\/wp\/v2\/comments?post=17"}],"version-history":[{"count":76,"href":"https:\/\/phototherapie.be\/index.php\/wp-json\/wp\/v2\/pages\/17\/revisions"}],"predecessor-version":[{"id":528,"href":"https:\/\/phototherapie.be\/index.php\/wp-json\/wp\/v2\/pages\/17\/revisions\/528"}],"wp:attachment":[{"href":"https:\/\/phototherapie.be\/index.php\/wp-json\/wp\/v2\/media?parent=17"}],"curies":[{"name":"wp","href":"https:\/\/api.w.org\/{rel}","templated":true}]}}