{"id":19,"date":"2017-06-16T14:31:15","date_gmt":"2017-06-16T12:31:15","guid":{"rendered":"http:\/\/phototherapie.be\/?page_id=19"},"modified":"2022-10-04T13:09:15","modified_gmt":"2022-10-04T11:09:15","slug":"vous-etes-psychologue","status":"publish","type":"page","link":"https:\/\/phototherapie.be\/index.php\/vous-etes-psychologue\/","title":{"rendered":"Vous \u00eates psychologue ?"},"content":{"rendered":"\n\n\t<h4>Vous \u00eates psychologue ?<\/h4>\n<h4>Travaillons ensemble. Voici des exemples de psychologues partenaires. Vous voulez en parler ?<br \/>\n<\/h4>\n\t\t\t\t<img src=\"http:\/\/phototherapie.be\/wp-content\/uploads\/2018\/10\/flyer-2-front-definitif.jpeg\" alt=\"flyer 2 front definitif\" itemprop=\"image\" title=\"flyer 2 front definitif\" onerror=\"this.style.display='none'\"  \/>\n\t\t\t\t<img src=\"http:\/\/phototherapie.be\/wp-content\/uploads\/2018\/10\/flyer-back-corrige\u0301.jpeg\" alt=\"flyer back corrige\u0301\" itemprop=\"image\" title=\"flyer back corrige\u0301\" onerror=\"this.style.display='none'\"  \/>\n\t<p>Des flyers sont \u00e0 votre disposition pour vos salles d&rsquo;attente, contactez-moi.<\/p>\n<h3>\n\t\tSilvia Zammataro\n\t<\/h3>\n<h4>\n\t\tPsychologue &#8211; Namur\n\t<\/h4>\n<p>\u00ab\u00a0En qualit\u00e9 de psychoth\u00e9rapeute confront\u00e9e, dans certaines situations, \u00e0 des personnes souffrant d&rsquo;insatisfaction corporelle de fa\u00e7on massive, je propose \u00e0 certaines personnes de profiter d&rsquo;une journ\u00e9e de s\u00e9ance photo avec Jean Mahaux. Il s&rsquo;agit d&rsquo;une information que je donne sans aucune injonction, dans le but d&rsquo;envisager un outil compl\u00e9mentaire \u00e0 la psychoth\u00e9rapie.<\/p>\n<p>Si ces personnes souhaitent en faire l&rsquo;exp\u00e9rience, c&rsquo;est l&rsquo;occasion pour elles de se confronter concr\u00e8tement \u00e0 leur image, de s&rsquo;exposer \u00e0 ce qui est anxiog\u00e8ne, de se regarder de fa\u00e7on plus objective et de mettre en pratique les outils th\u00e9rapeutiques travaill\u00e9s en s\u00e9ance. Je sais qu&rsquo;elles pourront b\u00e9n\u00e9ficier d&rsquo;un moment de confidentialit\u00e9 et de bienveillance. Jean Mahaux est le seul photographe avec lequel je collabore car il respecte la psychoth\u00e9rapie de ceux qui s&rsquo;adressent \u00e0 lui ainsi que les professionnels de la sant\u00e9 en g\u00e9n\u00e9ral.\u00a0\u00bb<\/p>\n<h3>\n\t\tIsabelle Wodon\n\t<\/h3>\n<h4>\n\t\tPsychologue &#8211; Bruxelles\n\t<\/h4>\n<p>\u00ab\u00a0Je suis psychoth\u00e9rapeute, tr\u00e8s r\u00e9guli\u00e8rement confront\u00e9e \u00e0 des personnes souffrant d&rsquo;insatisfaction corporelle. Il m&rsquo;arrive de leur proposer de travailler au cours de la th\u00e9rapie avec la photo. Quand les personnes sont pr\u00eates, je peux leur proposer de rencontrer Jean Mahaux. Il s&rsquo;agit d&rsquo;un \u00ab\u00a0plus\u00a0\u00bb qui accompagne ma th\u00e9rapie. Ce n&rsquo;est pas une obligation mais une piste diff\u00e9rente qui plait tr\u00e8s souvent. C&rsquo;est l&rsquo;occasion pour elles de faire de nouvelles exp\u00e9riences qu&rsquo;elles n&rsquo;ont pas l&rsquo;occasion de r\u00e9aliser avec moi. Elles apprennent \u00e0 se regarder de fa\u00e7on plus objective autrement que devant un miroir et mettent en pratique les outils th\u00e9rapeutiques travaill\u00e9s en s\u00e9ance. Jean Mahaux a, de plus, un tr\u00e8s grand respect pour les personnes qu&rsquo;ils rencontrent.\u00a0\u00bb<\/p>\n<h3>\n\t\tSylvie Loumaye\n\t<\/h3>\n<h4>\n\t\tPsychologue-Sexologue Li\u00e8ge-Waremme\n\t<\/h4>\n<p>\u00ab\u00a0J&rsquo;ai aussi fait la connaissance d&rsquo;un autre professionnel passionn\u00e9 qui est photographe de formation. \u00a0Jean Mahaux a d\u00e9velopp\u00e9 la Phototh\u00e9rapie c\u00e0d une d\u00e9marche \u00e0 destination des femmes qui sont en recherche ou en difficult\u00e9s car ont une mauvaise image d&rsquo;elles-m\u00eames. \u00a0\u00a0\u00a0Or, celle-ci peut influencer dans les probl\u00e8mes de confiance en soi et de sexualit\u00e9. Jean accueille les dames avec tact et bienvaillance afin de les photographier sous leur meilleur jour&#8230; Il les rend tout simplement belles\u00a0!\u00a0\u00bb<\/p>\n<p>La phototh\u00e9rapie<\/p>\n<p>Dans cette vid\u00e9o, je vous explique pourquoi je propose \u00e0 certaines patientes d&rsquo;avoir recours \u00e0 la phototh\u00e9rapie en compl\u00e9ment \u00e0 leur prise en charge chez moi.<\/p>\n<p><a href=\"http:\/\/jeanmahauxphotography.com\/\">Jean Mahaux<\/a>\u00a0accueille chaque femme avec bienveillance pour travailler sur leur image corporelle avec des r\u00e9sultats \u00e9tonnants!<\/p>\n\n\n<h3>\n\t\tVal\u00e9rie Lecerf\n\t<\/h3>\n<h4>\n\t\tPsychologue &#8211; Seraing\n\t<\/h4>\n<p>\u00ab\u00a0Lorsqu&rsquo;une personne vient \u00e0 ma rencontre, mon travail consiste \u00e0 l&rsquo;accompagner \u00e0 la <strong>re-d\u00e9couverte<\/strong> d&rsquo;elle-m\u00eame. Ce cheminement, comme un r\u00e9v\u00e9lateur de potentiel, a pour objectif de reconnecter progressivement les trois composantes de l&rsquo;individu : le corps, l&rsquo;esprit et les \u00e9motions et permettre ainsi de r\u00e9-harmoniser sa vie. C&rsquo;est dans cette optique que, dans certains cas, je pourrai proposer \u00e0 la personne que j&rsquo;accompagne de passer une journ\u00e9e de phototh\u00e9rapie avec Jean Mahaux qui, par la photo et avec sa grande humanit\u00e9 bienveillante, guide la lumi\u00e8re vers la f\u00ealure et lui montre le chemin pour lui permettre de vous illuminer de l&rsquo;int\u00e9rieur et de briller \u00e0 nouveau.<\/p>\n<p>Je re\u00e7ois \u00e0 Seraing, sur RDV au 0492\/99.54.19<\/p>\n<h3>\n\t\tBrigitte Bureau\n\t<\/h3>\n<h4>\n\t\tPsychologue &#8211; sexologue &#8211; th\u00e9rapeute de couple \u00e0 Harveng\n\t<\/h4>\n<p>\u00ab\u00a0L&rsquo;image du corps est la repr\u00e9sentation mentale que nous avons de notre corps et de son attirance. Parfois, il existe un d\u00e9calage entre la r\u00e9alit\u00e9, la perception et la repr\u00e9sentation mentale que nous avons de nous. L&rsquo;image n\u00e9gative du corps peut influencer de nombreux domaines dont la sexualit\u00e9, ce dont je m&rsquo;occupe particuli\u00e8rement dans mes consultations.\u00a0<\/p>\n<p>Par exemple, il arrive que certaines personnes aient une perception inexacte de leur corps ou soient pr\u00e9occup\u00e9es par certains de ses aspects ou \u00e9vitent les situations qui les mettraient mal \u00e0 l&rsquo;aise avec leur corps ou veulent corriger leur apparence.\u00a0<\/p>\n<p>\u00a0<\/p>\n<p>La phototh\u00e9rapie propos\u00e9e par Jean Mahaux permet de passer \u00e0 l&rsquo;action pour changer le regard pos\u00e9 sur soi-m\u00eame. En cessant de fuir ou de vouloir r\u00e9parer les apparences, en osant le regard du photographe puis le v\u00f4tre, \u00e9tape par \u00e9tape, il est possible d&rsquo;\u00e9voluer. Une d\u00e9couverte de soi. J&rsquo;adh\u00e8re totalement car je suis convaincue que les mots pour gu\u00e9rir ne suffisent pas. Une belle collaboration en perspective.\u00a0\u00bb<\/p>\n\n<p>\u00a0<\/p>\n<h3>\n\t\tFran\u00e7oise Thonon\n\t<\/h3>\n<h4>\n\t\tPsychoth\u00e9rapeute &#8211; Huy\n\t<\/h4>\n<p>\u00ab\u00a0Je suis psychoth\u00e9rapeute, sp\u00e9cialis\u00e9e dans les difficult\u00e9s relationnelles ainsi que dans les situations d&rsquo;\u00e9puisement professionnel. Je pense que la phototh\u00e9rapie peut \u00eatre int\u00e9ressante tant au niveau personnel que professionnel pour aider la personne \u00e0 cr\u00e9er et garder la plus haute vision d&rsquo;elle-m\u00eame.<\/p>\n<p>Les photos de Monsieur Mahaux ont ceci de particulier qu&rsquo;elles r\u00e9v\u00e8lent l&rsquo;Etre d&rsquo;une personne. Elles subliment en quelque sorte la personne du quotidien pour faire appara\u00eetre la meilleure version d&rsquo;elle-m\u00eame.<\/p>\n<p>Le travail de recherche de \u00ab\u00a0la bonne photo\u00a0\u00bb est d\u00e9j\u00e0 une th\u00e9rapie en soi. Il s&rsquo;agit de trouver quelle position, quel regard, quel v\u00eatement\u00a0\u00a0 va r\u00e9v\u00e9ler l&rsquo;identit\u00e9 v\u00e9ritable. Dans cette alliance avec le photographe qui cherche \u00e0 capter l&rsquo;essence de la personne, il va y avoir \u00e0 un moment donn\u00e9 un d\u00e9clic\u00a0: \u00ab\u00a0Ca y est\u00a0! L\u00e0, je suis dans le juste. C&rsquo;est vraiment Moi\u00a0\u00bb<\/p>\n<a href=\"http:\/\/www.psythonon.be\">www.psythonon.be<\/a><br \/>\n\n<h3>\n\t\tLine Abeau-Inard\n\t<\/h3>\n<h4>\n\t\tPsychologue &#8211; psychoth\u00e9rapeute. Bruxelles.\n\t<\/h4>\n<p>La phototh\u00e9rapie ou une exp\u00e9rience de d\u00e9couverte de soi tr\u00e8s interessante. Une journ\u00e9e enthousismante et narcissisante. Un outil original pour s&rsquo;approprier son image. Une aide pr\u00e9cieuse en compl\u00e9ment d&rsquo;une th\u00e9rapie pour travailler l&rsquo;estime de soi sous le regard bienveillant et respectueux de Jean Mahaux.<\/p>\n\n<h3>\n\t\tJulie du Chemin\n\t<\/h3>\n<h4>\n\t\tSexologue.\n\t<\/h4>\n\t<p>D\u00e9couvrez en images et en mots mon processus de transformation et les r\u00e9v\u00e9lations qui en d\u00e9coulent. Une journ\u00e9e avec Jean Mahaux.<\/p>\n\n\n<p>&nbsp;<\/p>\n<h3>\n\t\tPascal de Sutter\n\t<\/h3>\n<h4>\n\t\tPsychologie &#8211; Sexologie\n\t<\/h4>\n\t<p>Pascal de Sutter se donne pour mission d&rsquo;aider les hommes et les femmes \u00e0 oser se\u00a0lancer\u00a0vers une vie plus\u00a0palpitante\u00a0sur le plan amoureux, sexuel, conjugal, personnel et professionnel. Il met ses comp\u00e9tences de docteur en psychologie, de sexologue\u00a0et de\u00a0coach au service des hommes et des femmes voulant progresser dans leurs vies. Il transmet son savoir par des s\u00e9minaires, conf\u00e9rences, spectacles, vid\u00e9o\u00a0et du coaching.<\/p>\n\n<h3>\n\t\tMuriel Creusot\n\t<\/h3>\n<h4>\n\t\tdocteur en chirurgie esth\u00e9tique \n\t<\/h4>\n\t\n<h3>\n\t\tMarie-Eve Gremmens\n\t<\/h3>\n<h4>\n\t\tSexologue &#8211; Hypnoth\u00e9rapeute &#8211; Coach\n\t<\/h4>\n\t\n<h3>\n\t\tAlexandra Hubin  \n\t<\/h3>\n<h4>\n\t\tSexologue\n\t<\/h4>\n\t<p>Je recommande souvent le travail de Mr Mahaux \u00a0\u00e0 mes patientes<\/p>\n\t\n<h3>\n\t\tLIDIA LEONARDI\n\t<\/h3>\n<h4>\n\t\tConseill\u00e8re conjugale et familiale  Sexoth\u00e9rapeute\n\t<\/h4>\n\t\n<h3>\n\t\tFRANCOIS NEF\n\t<\/h3>\n<h4>\n\t\tPsychologie et Psychoth\u00e9rapie\n\t<\/h4>\n\t\n<h3>\n\t\tPHILIPPE BRENOT\n\t<\/h3>\n<h4>\n\t\tPhilippe BRENOT   MD, MA, PhD psychiatre et anthropologue\n\t<\/h4>\n\t\n<p>L&rsquo;ensemble du travail est \u00e9videmment int\u00e9ressant avec le m\u00eame r\u00e9sultat notable 9 femmes sur 10 pr\u00e9sentent une am\u00e9lioration des scores de l&rsquo;estime de soi avec des arguments qualitatifs tout \u00e0 fait convainquant.<\/p>\n<p>Il est \u00e9vident que ce travail sur l&rsquo;image de soi (pr\u00e9sentation, maquillage et esth\u00e9tique photographique) sont un facteur d&rsquo;\u00e9volution mais il est aussi important de constater l&rsquo;impact r\u00e9el sur la perception que la personne a d&rsquo;elle-m\u00eame, ce qui d\u00e9passe la seule image corporelle.<\/p>\n\t<h3><strong>Vous \u00eates psychologue ? Vous souhaitez devenir partenaire ? Ou simplement discuter de la phototh\u00e9rapie ?<br \/>\n<\/strong>N&rsquo;h\u00e9sitez pas \u00e0 nous contacter<\/h3>\n\t<iframe src=\"https:\/\/www.google.com\/maps\/embed\/v1\/place?q=rue+vaux%2C+2+4570+Marchin&#038;key=AIzaSyD09zQ9PNDNNy9TadMuzRV_UsPUoWKntt8\" aria-hidden=\"true\"><\/iframe>\n\t<h3>Phototh\u00e9rapie.be<\/h3>\n<p>Vaux, 2<\/p>\n<p>4570 Marchin<\/p>\n<p>GSM 0494588375<\/p>\n\n","protected":false},"excerpt":{"rendered":"<p>Vous \u00eates psychologue ? Travaillons ensemble. Voici des exemples de psychologues partenaires. Vous voulez en parler ? Des flyers sont \u00e0 votre disposition pour vos salles d&rsquo;attente, contactez-moi. Silvia Zammataro Psychologue &#8211; Namur \u00ab\u00a0En qualit\u00e9 de psychoth\u00e9rapeute confront\u00e9e, dans certaines situations, \u00e0 des personnes souffrant d&rsquo;insatisfaction corporelle de fa\u00e7on massive, je propose \u00e0 certaines personnes&hellip;<\/p>\n","protected":false},"author":1,"featured_media":0,"parent":0,"menu_order":0,"comment_status":"closed","ping_status":"closed","template":"","meta":[],"_links":{"self":[{"href":"https:\/\/phototherapie.be\/index.php\/wp-json\/wp\/v2\/pages\/19"}],"collection":[{"href":"https:\/\/phototherapie.be\/index.php\/wp-json\/wp\/v2\/pages"}],"about":[{"href":"https:\/\/phototherapie.be\/index.php\/wp-json\/wp\/v2\/types\/page"}],"author":[{"embeddable":true,"href":"https:\/\/phototherapie.be\/index.php\/wp-json\/wp\/v2\/users\/1"}],"replies":[{"embeddable":true,"href":"https:\/\/phototherapie.be\/index.php\/wp-json\/wp\/v2\/comments?post=19"}],"version-history":[{"count":28,"href":"https:\/\/phototherapie.be\/index.php\/wp-json\/wp\/v2\/pages\/19\/revisions"}],"predecessor-version":[{"id":508,"href":"https:\/\/phototherapie.be\/index.php\/wp-json\/wp\/v2\/pages\/19\/revisions\/508"}],"wp:attachment":[{"href":"https:\/\/phototherapie.be\/index.php\/wp-json\/wp\/v2\/media?parent=19"}],"curies":[{"name":"wp","href":"https:\/\/api.w.org\/{rel}","templated":true}]}}

Vous êtes psychologue ?

<h4>Vous êtes psychologue ?</h4>
<h4>Travaillons ensemble. Voici des exemples de psychologues partenaires. Vous voulez en parler ?<br />
</h4>
				<img src="http://phototherapie.be/wp-content/uploads/2018/10/flyer-2-front-definitif.jpeg" alt="flyer 2 front definitif" itemprop="image" title="flyer 2 front definitif" onerror="this.style.display='none'"  />
				<img src="http://phototherapie.be/wp-content/uploads/2018/10/flyer-back-corrigé.jpeg" alt="flyer back corrigé" itemprop="image" title="flyer back corrigé" onerror="this.style.display='none'"  />
	<p>Des flyers sont à votre disposition pour vos salles d&rsquo;attente, contactez-moi.</p>
<h3>
		Silvia Zammataro
	</h3>
<h4>
		Psychologue &#8211; Namur
	</h4>
<p>« En qualité de psychothérapeute confrontée, dans certaines situations, à des personnes souffrant d&rsquo;insatisfaction corporelle de façon massive, je propose à certaines personnes de profiter d&rsquo;une journée de séance photo avec Jean Mahaux. Il s&rsquo;agit d&rsquo;une information que je donne sans aucune injonction, dans le but d&rsquo;envisager un outil complémentaire à la psychothérapie.</p>
<p>Si ces personnes souhaitent en faire l&rsquo;expérience, c&rsquo;est l&rsquo;occasion pour elles de se confronter concrètement à leur image, de s&rsquo;exposer à ce qui est anxiogène, de se regarder de façon plus objective et de mettre en pratique les outils thérapeutiques travaillés en séance. Je sais qu&rsquo;elles pourront bénéficier d&rsquo;un moment de confidentialité et de bienveillance. Jean Mahaux est le seul photographe avec lequel je collabore car il respecte la psychothérapie de ceux qui s&rsquo;adressent à lui ainsi que les professionnels de la santé en général. »</p>
<h3>
		Isabelle Wodon
	</h3>
<h4>
		Psychologue &#8211; Bruxelles
	</h4>
<p>« Je suis psychothérapeute, très régulièrement confrontée à des personnes souffrant d&rsquo;insatisfaction corporelle. Il m&rsquo;arrive de leur proposer de travailler au cours de la thérapie avec la photo. Quand les personnes sont prêtes, je peux leur proposer de rencontrer Jean Mahaux. Il s&rsquo;agit d&rsquo;un « plus » qui accompagne ma thérapie. Ce n&rsquo;est pas une obligation mais une piste différente qui plait très souvent. C&rsquo;est l&rsquo;occasion pour elles de faire de nouvelles expériences qu&rsquo;elles n&rsquo;ont pas l&rsquo;occasion de réaliser avec moi. Elles apprennent à se regarder de façon plus objective autrement que devant un miroir et mettent en pratique les outils thérapeutiques travaillés en séance. Jean Mahaux a, de plus, un très grand respect pour les personnes qu&rsquo;ils rencontrent. »</p>
<h3>
		Sylvie Loumaye
	</h3>
<h4>
		Psychologue-Sexologue Liège-Waremme
	</h4>
<p>« J&rsquo;ai aussi fait la connaissance d&rsquo;un autre professionnel passionné qui est photographe de formation.  Jean Mahaux a développé la Photothérapie càd une démarche à destination des femmes qui sont en recherche ou en difficultés car ont une mauvaise image d&rsquo;elles-mêmes.    Or, celle-ci peut influencer dans les problèmes de confiance en soi et de sexualité. Jean accueille les dames avec tact et bienvaillance afin de les photographier sous leur meilleur jour&#8230; Il les rend tout simplement belles ! »</p>
<p>La photothérapie</p>
<p>Dans cette vidéo, je vous explique pourquoi je propose à certaines patientes d&rsquo;avoir recours à la photothérapie en complément à leur prise en charge chez moi.</p>
<p><a href="http://jeanmahauxphotography.com/">Jean Mahaux</a> accueille chaque femme avec bienveillance pour travailler sur leur image corporelle avec des résultats étonnants!</p>


<h3>
		Valérie Lecerf
	</h3>
<h4>
		Psychologue &#8211; Seraing
	</h4>
<p>« Lorsqu&rsquo;une personne vient à ma rencontre, mon travail consiste à l&rsquo;accompagner à la <strong>re-découverte</strong> d&rsquo;elle-même. Ce cheminement, comme un révélateur de potentiel, a pour objectif de reconnecter progressivement les trois composantes de l&rsquo;individu : le corps, l&rsquo;esprit et les émotions et permettre ainsi de ré-harmoniser sa vie. C&rsquo;est dans cette optique que, dans certains cas, je pourrai proposer à la personne que j&rsquo;accompagne de passer une journée de photothérapie avec Jean Mahaux qui, par la photo et avec sa grande humanité bienveillante, guide la lumière vers la fêlure et lui montre le chemin pour lui permettre de vous illuminer de l&rsquo;intérieur et de briller à nouveau.</p>
<p>Je reçois à Seraing, sur RDV au 0492/99.54.19</p>
<h3>
		Brigitte Bureau
	</h3>
<h4>
		Psychologue &#8211; sexologue &#8211; thérapeute de couple à Harveng
	</h4>
<p>« L&rsquo;image du corps est la représentation mentale que nous avons de notre corps et de son attirance. Parfois, il existe un décalage entre la réalité, la perception et la représentation mentale que nous avons de nous. L&rsquo;image négative du corps peut influencer de nombreux domaines dont la sexualité, ce dont je m&rsquo;occupe particulièrement dans mes consultations. </p>
<p>Par exemple, il arrive que certaines personnes aient une perception inexacte de leur corps ou soient préoccupées par certains de ses aspects ou évitent les situations qui les mettraient mal à l&rsquo;aise avec leur corps ou veulent corriger leur apparence. </p>
<p> </p>
<p>La photothérapie proposée par Jean Mahaux permet de passer à l&rsquo;action pour changer le regard posé sur soi-même. En cessant de fuir ou de vouloir réparer les apparences, en osant le regard du photographe puis le vôtre, étape par étape, il est possible d&rsquo;évoluer. Une découverte de soi. J&rsquo;adhère totalement car je suis convaincue que les mots pour guérir ne suffisent pas. Une belle collaboration en perspective. »</p>

<p> </p>
<h3>
		Françoise Thonon
	</h3>
<h4>
		Psychothérapeute &#8211; Huy
	</h4>
<p>« Je suis psychothérapeute, spécialisée dans les difficultés relationnelles ainsi que dans les situations d&rsquo;épuisement professionnel. Je pense que la photothérapie peut être intéressante tant au niveau personnel que professionnel pour aider la personne à créer et garder la plus haute vision d&rsquo;elle-même.</p>
<p>Les photos de Monsieur Mahaux ont ceci de particulier qu&rsquo;elles révèlent l&rsquo;Etre d&rsquo;une personne. Elles subliment en quelque sorte la personne du quotidien pour faire apparaître la meilleure version d&rsquo;elle-même.</p>
<p>Le travail de recherche de « la bonne photo » est déjà une thérapie en soi. Il s&rsquo;agit de trouver quelle position, quel regard, quel vêtement   va révéler l&rsquo;identité véritable. Dans cette alliance avec le photographe qui cherche à capter l&rsquo;essence de la personne, il va y avoir à un moment donné un déclic : « Ca y est ! Là, je suis dans le juste. C&rsquo;est vraiment Moi »</p>
<a href="http://www.psythonon.be">www.psythonon.be</a><br />

<h3>
		Line Abeau-Inard
	</h3>
<h4>
		Psychologue &#8211; psychothérapeute. Bruxelles.
	</h4>
<p>La photothérapie ou une expérience de découverte de soi très interessante. Une journée enthousismante et narcissisante. Un outil original pour s&rsquo;approprier son image. Une aide précieuse en complément d&rsquo;une thérapie pour travailler l&rsquo;estime de soi sous le regard bienveillant et respectueux de Jean Mahaux.</p>

<h3>
		Julie du Chemin
	</h3>
<h4>
		Sexologue.
	</h4>
	<p>Découvrez en images et en mots mon processus de transformation et les révélations qui en découlent. Une journée avec Jean Mahaux.</p>


<p>&nbsp;</p>
<h3>
		Pascal de Sutter
	</h3>
<h4>
		Psychologie &#8211; Sexologie
	</h4>
	<p>Pascal de Sutter se donne pour mission d&rsquo;aider les hommes et les femmes à oser se lancer vers une vie plus palpitante sur le plan amoureux, sexuel, conjugal, personnel et professionnel. Il met ses compétences de docteur en psychologie, de sexologue et de coach au service des hommes et des femmes voulant progresser dans leurs vies. Il transmet son savoir par des séminaires, conférences, spectacles, vidéo et du coaching.</p>

<h3>
		Muriel Creusot
	</h3>
<h4>
		docteur en chirurgie esthétique 
	</h4>
	
<h3>
		Marie-Eve Gremmens
	</h3>
<h4>
		Sexologue &#8211; Hypnothérapeute &#8211; Coach
	</h4>
	
<h3>
		Alexandra Hubin  
	</h3>
<h4>
		Sexologue
	</h4>
	<p>Je recommande souvent le travail de Mr Mahaux  à mes patientes</p>
	
<h3>
		LIDIA LEONARDI
	</h3>
<h4>
		Conseillère conjugale et familiale  Sexothérapeute
	</h4>
	
<h3>
		FRANCOIS NEF
	</h3>
<h4>
		Psychologie et Psychothérapie
	</h4>
	
<h3>
		PHILIPPE BRENOT
	</h3>
<h4>
		Philippe BRENOT   MD, MA, PhD psychiatre et anthropologue
	</h4>
	
<p>L&rsquo;ensemble du travail est évidemment intéressant avec le même résultat notable 9 femmes sur 10 présentent une amélioration des scores de l&rsquo;estime de soi avec des arguments qualitatifs tout à fait convainquant.</p>
<p>Il est évident que ce travail sur l&rsquo;image de soi (présentation, maquillage et esthétique photographique) sont un facteur d&rsquo;évolution mais il est aussi important de constater l&rsquo;impact réel sur la perception que la personne a d&rsquo;elle-même, ce qui dépasse la seule image corporelle.</p>
	<h3><strong>Vous êtes psychologue ? Vous souhaitez devenir partenaire ? Ou simplement discuter de la photothérapie ?<br />
</strong>N&rsquo;hésitez pas à nous contacter</h3>
	<iframe src="https://www.google.com/maps/embed/v1/place?q=rue+vaux%2C+2+4570+Marchin&#038;key=AIzaSyD09zQ9PNDNNy9TadMuzRV_UsPUoWKntt8" aria-hidden="true"></iframe>
	<h3>Photothérapie.be</h3>
<p>Vaux, 2</p>
<p>4570 Marchin</p>
<p>GSM 0494588375</p>

<p>Vous êtes psychologue ? Travaillons ensemble. Voici des exemples de psychologues partenaires. Vous voulez en parler ? Des flyers sont à votre disposition pour vos salles d&rsquo;attente, contactez-moi. Silvia Zammataro Psychologue &#8211; Namur « En qualité de psychothérapeute confrontée, dans certaines situations, à des personnes souffrant d&rsquo;insatisfaction corporelle de façon massive, je propose à certaines personnes&hellip;</p>
