{"id":398,"date":"2020-09-03T09:18:39","date_gmt":"2020-09-03T07:18:39","guid":{"rendered":"http:\/\/phototherapie.be\/?page_id=398"},"modified":"2023-09-27T08:10:35","modified_gmt":"2023-09-27T06:10:35","slug":"analyse","status":"publish","type":"page","link":"https:\/\/phototherapie.be\/index.php\/analyse\/","title":{"rendered":"La phototh\u00e9rapie : l&rsquo;analyse scientifique"},"content":{"rendered":"\n&nbsp;\n<h4>L&rsquo;estime de soi est un concept prenant de l&rsquo;ampleur dans notre soci\u00e9t\u00e9 d&rsquo;aujourd&rsquo;hui.\nLa recherche de soi et de son bien-\u00eatre devient central pour bon nombre de personnes.<\/h4>\n<h4>Pour cette recherche de mieux-\u00eatre, nous nous sommes appuy\u00e9 sur une m\u00e9thode de plus\nen plus r\u00e9pandue en Europe ces derniers temps, la phototh\u00e9rapie et plus pr\u00e9cis\u00e9ment, la\nm\u00e9thode de Jean Mahaux, la phototh\u00e9rapie d&rsquo;estime de soi (PES).<\/h4>\n<h4>Nous avons tent\u00e9 de comprendre ce qu&rsquo;\u00e9taient l&rsquo;estime de soi et la phototh\u00e9rapie.<\/h4>\n<h4>La premi\u00e8re partie de ce travail offre aux lecteurs la possibilit\u00e9 de se familiariser avec ces deux notions.<\/h4>\n<h4>Suite \u00e0 cela, nous expliquons le d\u00e9roulement de notre recherche bas\u00e9e d&rsquo;une part sur un m\u00e9thode qualitative et d&rsquo;autre part sur des donn\u00e9es quantitatives.<\/h4>\n<h4>Nous avons tent\u00e9 de savoir si la phototh\u00e9rapie permettait aux personnes de gagner en estime de soi apr\u00e8s une s\u00e9ance PES.<\/h4>\n<h4>Nous avons b\u00e9n\u00e9fici\u00e9 du savoir-faire et de l&rsquo;exp\u00e9rience du photographe \u00e0 l&rsquo;origine de cette\nm\u00e9thode PES pour comprendre si l&rsquo;estime de soi \u00e9tait ou non impact\u00e9e par ces s\u00e9ances de\nphototh\u00e9rapie<\/h4>\n<img title=\"UCL LOUVAIN\" src=\"http:\/\/phototherapie.be\/wp-content\/uploads\/2020\/09\/UCL-LOUVAIN.png\" alt=\"UCL LOUVAIN\">\n\nAuteur : Dormont Lorine\nPromoteur(s) : De Sutter Pascal\nAccompagnateur(s) :\nAnn\u00e9e acad\u00e9mique 2019-2020\nMaster en sciences de la famille du couple et de la sexualit\u00e9\n\n&nbsp;\n\nA l&rsquo;heure actuelle, l&rsquo;estime de soi suscite grandement l&rsquo;int\u00e9r\u00eat public.\n\nAfin de survivre dans notre soci\u00e9t\u00e9 qui se veut de plus en plus comp\u00e9titive, l&rsquo;estime de soi serait\nconsid\u00e9r\u00e9e comme une n\u00e9cessit\u00e9 (Andr\u00e9 , 2005). Un nombre de plus en plus important de\ncomportements pathologiques d\u00fb \u00e0 une mauvaise image de soi sont recens\u00e9s depuis ces\nderni\u00e8res ann\u00e9es (Rochaix, Gaetan, &amp; Bonnet, 2017). La recherche de \u00ab se sentir bien\ndans sa peau \u00bb poussant un grand nombre d&rsquo;individus \u00e0 adopter des comportements\nd\u00e9l\u00e9t\u00e8res pour leur sant\u00e9. Par exemple, il existe beaucoup de rumeurs concernant les\nmauvaises habitudes alimentaires des mannequins pour garder leur taille. Nous entendons\nparler d&rsquo;anorexie, de boulimie, du ph\u00e9nom\u00e8ne d&rsquo;ob\u00e9sit\u00e9, tout ceci \u00e9tant des pathologies\nli\u00e9es \u00e0 l&rsquo;image. Suite \u00e0 ces constatations, un courant de la psychologie clinique s&rsquo;est\nquestionn\u00e9 quant aux effets b\u00e9n\u00e9fiques de l&rsquo;utilisation de la photographie dans un cadre\nth\u00e9rapeutique sur l&rsquo;estime de soi. Sur base de ceci, et avec la collaboration d&rsquo;un\nphotographe professionnel, nous nous sommes pench\u00e9s sur la question suivante : \u00ab la\nphototh\u00e9rapie d&rsquo;estime de soi (PES) a-t-elle un impact sur l&rsquo;estime de soi ? \u00bb\n\nPour r\u00e9pondre \u00e0 cette question, nous allons scinder notre travail en deux chapitres th\u00e9oriques\nsuivis d&rsquo;une partie pratique, au sein du deuxi\u00e8me, regroupant les \u00e9l\u00e9ments de la recherche\nmen\u00e9e tels que la m\u00e9thodologie et les r\u00e9sultats, avant de terminer par la discussion et la\nconclusion.\n\nPremi\u00e8rement, nous allons pr\u00e9senter deux chapitres dans la premi\u00e8re partie\nth\u00e9orique. Le premier sera centr\u00e9 sur l&rsquo;estime de soi. Dans ce chapitre, nous d\u00e9finirons ce\nqu&rsquo;est l&rsquo;estime de soi avant de nous pencher sur la diff\u00e9rence que l&rsquo;on devrait faire entre\nl&rsquo;estime de soi et la confiance en soi ainsi qu&rsquo;entre l&rsquo;estime de soi et l&rsquo;image de soi. Le\nsecond chapitre, quant \u00e0 lui, traitera de la phototh\u00e9rapie telle qu&rsquo;elle a \u00e9t\u00e9 con\u00e7ue ainsi\nque la m\u00e9thode sur laquelle nous nous baserons pour notre recherche.\n\nEnsuite, nous pr\u00e9senterons la deuxi\u00e8me partie bas\u00e9e sur la recherche conduite.\nNous y expliquerons le protocole mis en place, les caract\u00e9ristiques de notre \u00e9chantillon,\nla m\u00e9thodologie utilis\u00e9e afin d&rsquo;isoler nos variables d&rsquo;int\u00e9r\u00eat, ainsi que les statistiques\nconduites sur ces derni\u00e8res.\n\nEnfin, nous pr\u00e9senterons l&rsquo;analyse des r\u00e9sultats que nous\naurons r\u00e9colt\u00e9s.\n\n<a role=\"button\" href=\"http:\/\/phototherapie.be\/wp-content\/uploads\/2020\/09\/Dormont_15191700_2020.pdf\" target=\"_self\" rel=\"noopener\">\nLire l&rsquo;analyse scientifique\n<\/a>\n","protected":false},"excerpt":{"rendered":"<p>&nbsp; L&rsquo;estime de soi est un concept prenant de l&rsquo;ampleur dans notre soci\u00e9t\u00e9 d&rsquo;aujourd&rsquo;hui. La recherche de soi et de son bien-\u00eatre devient central pour bon nombre de personnes. Pour cette recherche de mieux-\u00eatre, nous nous sommes appuy\u00e9 sur une m\u00e9thode de plus en plus r\u00e9pandue en Europe ces derniers temps, la phototh\u00e9rapie et plus&hellip;<\/p>\n","protected":false},"author":1,"featured_media":0,"parent":0,"menu_order":0,"comment_status":"closed","ping_status":"closed","template":"","meta":[],"_links":{"self":[{"href":"https:\/\/phototherapie.be\/index.php\/wp-json\/wp\/v2\/pages\/398"}],"collection":[{"href":"https:\/\/phototherapie.be\/index.php\/wp-json\/wp\/v2\/pages"}],"about":[{"href":"https:\/\/phototherapie.be\/index.php\/wp-json\/wp\/v2\/types\/page"}],"author":[{"embeddable":true,"href":"https:\/\/phototherapie.be\/index.php\/wp-json\/wp\/v2\/users\/1"}],"replies":[{"embeddable":true,"href":"https:\/\/phototherapie.be\/index.php\/wp-json\/wp\/v2\/comments?post=398"}],"version-history":[{"count":10,"href":"https:\/\/phototherapie.be\/index.php\/wp-json\/wp\/v2\/pages\/398\/revisions"}],"predecessor-version":[{"id":515,"href":"https:\/\/phototherapie.be\/index.php\/wp-json\/wp\/v2\/pages\/398\/revisions\/515"}],"wp:attachment":[{"href":"https:\/\/phototherapie.be\/index.php\/wp-json\/wp\/v2\/media?parent=398"}],"curies":[{"name":"wp","href":"https:\/\/api.w.org\/{rel}","templated":true}]}}

La photothérapie : l&rsquo;analyse scientifique

&nbsp;
<h4>L&rsquo;estime de soi est un concept prenant de l&rsquo;ampleur dans notre société d&rsquo;aujourd&rsquo;hui.
La recherche de soi et de son bien-être devient central pour bon nombre de personnes.</h4>
<h4>Pour cette recherche de mieux-être, nous nous sommes appuyé sur une méthode de plus
en plus répandue en Europe ces derniers temps, la photothérapie et plus précisément, la
méthode de Jean Mahaux, la photothérapie d&rsquo;estime de soi (PES).</h4>
<h4>Nous avons tenté de comprendre ce qu&rsquo;étaient l&rsquo;estime de soi et la photothérapie.</h4>
<h4>La première partie de ce travail offre aux lecteurs la possibilité de se familiariser avec ces deux notions.</h4>
<h4>Suite à cela, nous expliquons le déroulement de notre recherche basée d&rsquo;une part sur un méthode qualitative et d&rsquo;autre part sur des données quantitatives.</h4>
<h4>Nous avons tenté de savoir si la photothérapie permettait aux personnes de gagner en estime de soi après une séance PES.</h4>
<h4>Nous avons bénéficié du savoir-faire et de l&rsquo;expérience du photographe à l&rsquo;origine de cette
méthode PES pour comprendre si l&rsquo;estime de soi était ou non impactée par ces séances de
photothérapie</h4>
<img title="UCL LOUVAIN" src="http://phototherapie.be/wp-content/uploads/2020/09/UCL-LOUVAIN.png" alt="UCL LOUVAIN">

Auteur : Dormont Lorine
Promoteur(s) : De Sutter Pascal
Accompagnateur(s) :
Année académique 2019-2020
Master en sciences de la famille du couple et de la sexualité

&nbsp;

A l&rsquo;heure actuelle, l&rsquo;estime de soi suscite grandement l&rsquo;intérêt public.

Afin de survivre dans notre société qui se veut de plus en plus compétitive, l&rsquo;estime de soi serait
considérée comme une nécessité (André , 2005). Un nombre de plus en plus important de
comportements pathologiques dû à une mauvaise image de soi sont recensés depuis ces
dernières années (Rochaix, Gaetan, &amp; Bonnet, 2017). La recherche de « se sentir bien
dans sa peau » poussant un grand nombre d&rsquo;individus à adopter des comportements
délétères pour leur santé. Par exemple, il existe beaucoup de rumeurs concernant les
mauvaises habitudes alimentaires des mannequins pour garder leur taille. Nous entendons
parler d&rsquo;anorexie, de boulimie, du phénomène d&rsquo;obésité, tout ceci étant des pathologies
liées à l&rsquo;image. Suite à ces constatations, un courant de la psychologie clinique s&rsquo;est
questionné quant aux effets bénéfiques de l&rsquo;utilisation de la photographie dans un cadre
thérapeutique sur l&rsquo;estime de soi. Sur base de ceci, et avec la collaboration d&rsquo;un
photographe professionnel, nous nous sommes penchés sur la question suivante : « la
photothérapie d&rsquo;estime de soi (PES) a-t-elle un impact sur l&rsquo;estime de soi ? »

Pour répondre à cette question, nous allons scinder notre travail en deux chapitres théoriques
suivis d&rsquo;une partie pratique, au sein du deuxième, regroupant les éléments de la recherche
menée tels que la méthodologie et les résultats, avant de terminer par la discussion et la
conclusion.

Premièrement, nous allons présenter deux chapitres dans la première partie
théorique. Le premier sera centré sur l&rsquo;estime de soi. Dans ce chapitre, nous définirons ce
qu&rsquo;est l&rsquo;estime de soi avant de nous pencher sur la différence que l&rsquo;on devrait faire entre
l&rsquo;estime de soi et la confiance en soi ainsi qu&rsquo;entre l&rsquo;estime de soi et l&rsquo;image de soi. Le
second chapitre, quant à lui, traitera de la photothérapie telle qu&rsquo;elle a été conçue ainsi
que la méthode sur laquelle nous nous baserons pour notre recherche.

Ensuite, nous présenterons la deuxième partie basée sur la recherche conduite.
Nous y expliquerons le protocole mis en place, les caractéristiques de notre échantillon,
la méthodologie utilisée afin d&rsquo;isoler nos variables d&rsquo;intérêt, ainsi que les statistiques
conduites sur ces dernières.

Enfin, nous présenterons l&rsquo;analyse des résultats que nous
aurons récoltés.

<a role="button" href="http://phototherapie.be/wp-content/uploads/2020/09/Dormont_15191700_2020.pdf" target="_self" rel="noopener">
Lire l&rsquo;analyse scientifique
</a>

<p>&nbsp; L&rsquo;estime de soi est un concept prenant de l&rsquo;ampleur dans notre société d&rsquo;aujourd&rsquo;hui. La recherche de soi et de son bien-être devient central pour bon nombre de personnes. Pour cette recherche de mieux-être, nous nous sommes appuyé sur une méthode de plus en plus répandue en Europe ces derniers temps, la photothérapie et plus&hellip;</p>
