{"id":452,"date":"2021-09-07T10:32:24","date_gmt":"2021-09-07T08:32:24","guid":{"rendered":"https:\/\/phototherapie.be\/?page_id=452"},"modified":"2021-09-07T11:29:31","modified_gmt":"2021-09-07T09:29:31","slug":"vous-venez-de-letranger","status":"publish","type":"page","link":"https:\/\/phototherapie.be\/index.php\/vous-venez-de-letranger\/","title":{"rendered":"Vous venez de l&rsquo;\u00e9tranger ?"},"content":{"rendered":"<p>Vous venez de l&rsquo;\u00e9tranger ? Pas de soucis nous avons tout pr\u00e9vu &#8230;. <\/p>\n<p>Les sessions peuvent \u00e9galement se faire en ANGLAIS.<\/p>\n<p><img loading=\"lazy\" src=\"https:\/\/phototherapie.be\/wp-content\/uploads\/2021\/09\/156775316_2941176056113704_5121610803182368428_n-1024x683.jpg\" alt=\"\" width=\"1024\" height=\"683\" \/><\/p>\n<p>Le Studio est situ\u00e9 \u00e0 Marchin (Wallonie &#8211; Belgique) , charmant village bucolique.<\/p>\n<p>&nbsp;<\/p>\n<p><img loading=\"lazy\" src=\"https:\/\/phototherapie.be\/wp-content\/uploads\/2021\/09\/Marchin.png\" alt=\"\" width=\"621\" height=\"417\" \/><\/p>\n<p>&nbsp;<\/p>\n<p><img loading=\"lazy\" src=\"https:\/\/phototherapie.be\/wp-content\/uploads\/2021\/09\/marchin.jpg\" alt=\"\" width=\"396\" height=\"163\" \/><\/p>\n<p>&nbsp;<\/p>\n<p>&nbsp;<\/p>\n<p>&nbsp;<\/p>\n<p><strong>D&rsquo;abord comment arriver au studio et dans sa magnifique r\u00e9gion au calme et loin du tumulte des villes ?<\/strong><\/p>\n<p><strong><em>Les deux a\u00e9roports :<\/em><\/strong><\/p>\n<p>L&rsquo;a\u00e9roport de CHARLEROI qui est \u00e0 une heure de voiture :<\/p>\n<p><a href=\"https:\/\/www.brussels-charleroi-airport.com\/fr\/flights\/booking\">https:\/\/www.brussels-charleroi-airport.com\/fr\/flights\/booking<\/a><\/p>\n<p>L&rsquo;a\u00e9roport de Bruxelles qui est \u00e0 une heure quart de voiture :<\/p>\n<p><a href=\"https:\/\/www.brusselsairport.be\/fr\/passengers\">https:\/\/www.brusselsairport.be\/fr\/passengers<\/a>.<\/p>\n<p><strong><em>Le train :\u00a0<\/em><\/strong><\/p>\n<p>La gare la plus proche est la gare de la belle ville de HUY.<\/p>\n<p><a href=\"http:\/\/www.belgianrail.be\/fr\/gares\/recherche-gares\/15\/huy.aspx\">http:\/\/www.belgianrail.be\/fr\/gares\/recherche-gares\/15\/huy.aspx<\/a><\/p>\n<p>De la vous pouvez commander un taxi :<\/p>\n<p>Taxi de huy &#8211; taxi Zara \u00a0 32 492 22 03 30<\/p>\n<p><b>Et si vous souhaitez en <\/b><b>profiter<\/b><b>\u00a0pour s\u00e9journer dans notre r\u00e9gion ?\u00a0<\/b><\/p>\n<p>&nbsp;<\/p>\n<p>Hotel. \u00a0<a href=\"https:\/\/www.hotelsirius.be\/FR\/index.php\">https:\/\/www.hotelsirius.be\/FR\/index.php<\/a><\/p>\n<p>Gites huy \u00a0<a href=\"https:\/\/loftsintown.be\">https:\/\/loftsintown.be<\/a><\/p>\n<p>Gite marchin \u00a0<a href=\"http:\/\/www.arretdufourneau.be\">http:\/\/www.arretdufourneau.be<\/a><\/p>\n<p>&nbsp;<\/p>\n<p>Et comme nous avons test\u00e9 pour vous cette proposition en voici quelques images :<\/p>\n<p><img loading=\"lazy\" src=\"https:\/\/phototherapie.be\/wp-content\/uploads\/2021\/09\/131454385_3016865915211384_560795631972066093_n-300x200.jpg\" alt=\"\" width=\"300\" height=\"200\" \/> <img loading=\"lazy\" src=\"https:\/\/phototherapie.be\/wp-content\/uploads\/2021\/09\/198919968_3016866275211348_3400617373099366290_n-300x200.jpg\" alt=\"\" width=\"300\" height=\"200\" \/> <img loading=\"lazy\" src=\"https:\/\/phototherapie.be\/wp-content\/uploads\/2021\/09\/199722192_3016866758544633_8933063263596867048_n-300x200.jpg\" alt=\"\" width=\"300\" height=\"200\" \/> <img loading=\"lazy\" src=\"https:\/\/phototherapie.be\/wp-content\/uploads\/2021\/09\/200853468_3016866028544706_8933770576995335102_n-300x200.jpg\" alt=\"\" width=\"300\" height=\"200\" \/> <img loading=\"lazy\" src=\"https:\/\/phototherapie.be\/wp-content\/uploads\/2021\/09\/201344370_3016868101877832_9102504739493674233_n-300x200.jpg\" alt=\"\" width=\"300\" height=\"200\" \/><\/p>\n<p>&nbsp;<\/p>\n<p>&nbsp;<\/p>\n<p>&nbsp;<\/p>\n<p>&nbsp;<\/p>\n<p>&nbsp;<\/p>\n<p>&nbsp;<\/p>\n","protected":false},"excerpt":{"rendered":"<p>Vous venez de l&rsquo;\u00e9tranger ? Pas de soucis nous avons tout pr\u00e9vu &#8230;. Les sessions peuvent \u00e9galement se faire en ANGLAIS. Le Studio est situ\u00e9 \u00e0 Marchin (Wallonie &#8211; Belgique) , charmant village bucolique. &nbsp; &nbsp; &nbsp; &nbsp; &nbsp; D&rsquo;abord comment arriver au studio et dans sa magnifique r\u00e9gion au calme et loin du tumulte&hellip;<\/p>\n","protected":false},"author":1,"featured_media":0,"parent":0,"menu_order":0,"comment_status":"closed","ping_status":"closed","template":"","meta":[],"_links":{"self":[{"href":"https:\/\/phototherapie.be\/index.php\/wp-json\/wp\/v2\/pages\/452"}],"collection":[{"href":"https:\/\/phototherapie.be\/index.php\/wp-json\/wp\/v2\/pages"}],"about":[{"href":"https:\/\/phototherapie.be\/index.php\/wp-json\/wp\/v2\/types\/page"}],"author":[{"embeddable":true,"href":"https:\/\/phototherapie.be\/index.php\/wp-json\/wp\/v2\/users\/1"}],"replies":[{"embeddable":true,"href":"https:\/\/phototherapie.be\/index.php\/wp-json\/wp\/v2\/comments?post=452"}],"version-history":[{"count":3,"href":"https:\/\/phototherapie.be\/index.php\/wp-json\/wp\/v2\/pages\/452\/revisions"}],"predecessor-version":[{"id":469,"href":"https:\/\/phototherapie.be\/index.php\/wp-json\/wp\/v2\/pages\/452\/revisions\/469"}],"wp:attachment":[{"href":"https:\/\/phototherapie.be\/index.php\/wp-json\/wp\/v2\/media?parent=452"}],"curies":[{"name":"wp","href":"https:\/\/api.w.org\/{rel}","templated":true}]}}

Vous venez de l&rsquo;étranger ?

<p>Vous venez de l&rsquo;étranger ? Pas de soucis nous avons tout prévu &#8230;. </p>
<p>Les sessions peuvent également se faire en ANGLAIS.</p>
<p><img loading="lazy" src="https://phototherapie.be/wp-content/uploads/2021/09/156775316_2941176056113704_5121610803182368428_n-1024x683.jpg" alt="" width="1024" height="683" /></p>
<p>Le Studio est situé à Marchin (Wallonie &#8211; Belgique) , charmant village bucolique.</p>
<p>&nbsp;</p>
<p><img loading="lazy" src="https://phototherapie.be/wp-content/uploads/2021/09/Marchin.png" alt="" width="621" height="417" /></p>
<p>&nbsp;</p>
<p><img loading="lazy" src="https://phototherapie.be/wp-content/uploads/2021/09/marchin.jpg" alt="" width="396" height="163" /></p>
<p>&nbsp;</p>
<p>&nbsp;</p>
<p>&nbsp;</p>
<p><strong>D&rsquo;abord comment arriver au studio et dans sa magnifique région au calme et loin du tumulte des villes ?</strong></p>
<p><strong><em>Les deux aéroports :</em></strong></p>
<p>L&rsquo;aéroport de CHARLEROI qui est à une heure de voiture :</p>
<p><a href="https://www.brussels-charleroi-airport.com/fr/flights/booking">https://www.brussels-charleroi-airport.com/fr/flights/booking</a></p>
<p>L&rsquo;aéroport de Bruxelles qui est à une heure quart de voiture :</p>
<p><a href="https://www.brusselsairport.be/fr/passengers">https://www.brusselsairport.be/fr/passengers</a>.</p>
<p><strong><em>Le train : </em></strong></p>
<p>La gare la plus proche est la gare de la belle ville de HUY.</p>
<p><a href="http://www.belgianrail.be/fr/gares/recherche-gares/15/huy.aspx">http://www.belgianrail.be/fr/gares/recherche-gares/15/huy.aspx</a></p>
<p>De la vous pouvez commander un taxi :</p>
<p>Taxi de huy &#8211; taxi Zara   32 492 22 03 30</p>
<p><b>Et si vous souhaitez en </b><b>profiter</b><b> pour séjourner dans notre région ? </b></p>
<p>&nbsp;</p>
<p>Hotel.  <a href="https://www.hotelsirius.be/FR/index.php">https://www.hotelsirius.be/FR/index.php</a></p>
<p>Gites huy  <a href="https://loftsintown.be">https://loftsintown.be</a></p>
<p>Gite marchin  <a href="http://www.arretdufourneau.be">http://www.arretdufourneau.be</a></p>
<p>&nbsp;</p>
<p>Et comme nous avons testé pour vous cette proposition en voici quelques images :</p>
<p><img loading="lazy" src="https://phototherapie.be/wp-content/uploads/2021/09/131454385_3016865915211384_560795631972066093_n-300x200.jpg" alt="" width="300" height="200" /> <img loading="lazy" src="https://phototherapie.be/wp-content/uploads/2021/09/198919968_3016866275211348_3400617373099366290_n-300x200.jpg" alt="" width="300" height="200" /> <img loading="lazy" src="https://phototherapie.be/wp-content/uploads/2021/09/199722192_3016866758544633_8933063263596867048_n-300x200.jpg" alt="" width="300" height="200" /> <img loading="lazy" src="https://phototherapie.be/wp-content/uploads/2021/09/200853468_3016866028544706_8933770576995335102_n-300x200.jpg" alt="" width="300" height="200" /> <img loading="lazy" src="https://phototherapie.be/wp-content/uploads/2021/09/201344370_3016868101877832_9102504739493674233_n-300x200.jpg" alt="" width="300" height="200" /></p>
<p>&nbsp;</p>
<p>&nbsp;</p>
<p>&nbsp;</p>
<p>&nbsp;</p>
<p>&nbsp;</p>
<p>&nbsp;</p>

<p>Vous venez de l&rsquo;étranger ? Pas de soucis nous avons tout prévu &#8230;. Les sessions peuvent également se faire en ANGLAIS. Le Studio est situé à Marchin (Wallonie &#8211; Belgique) , charmant village bucolique. &nbsp; &nbsp; &nbsp; &nbsp; &nbsp; D&rsquo;abord comment arriver au studio et dans sa magnifique région au calme et loin du tumulte&hellip;</p>
