{"id":9,"date":"2017-06-16T14:30:05","date_gmt":"2017-06-16T12:30:05","guid":{"rendered":"http:\/\/phototherapie.be\/?page_id=9"},"modified":"2018-03-03T15:46:34","modified_gmt":"2018-03-03T14:46:34","slug":"la-phototherapie-cest-quoi","status":"publish","type":"page","link":"https:\/\/phototherapie.be\/index.php\/la-phototherapie-cest-quoi\/","title":{"rendered":"La phototh\u00e9rapie c\u2019est quoi ?"},"content":{"rendered":"<h4 style=\"text-align: center;\">Qu&rsquo;est-ce que la Phototh\u00e9rapie?<\/h4>\n<h4 style=\"text-align: center;\">Origines &#8211; Significations &#8211; Principe<\/h4>\n<p>La phototh\u00e9rapie n\u2019est pas nouvelle en soi. Cependant, ma Phototh\u00e9rapie n\u2019est pas de la phototh\u00e9rapie traditionnelle. Elle consiste \u00e0 mettre mon exp\u00e9rience professionnelle, mon art, mon \u0153il et ma sensibilit\u00e9 au service de votre \u00e9mancipation. En suscitant les multiples facettes de votre personnalit\u00e9 parfois oubli\u00e9es, r\u00e9sign\u00e9es et en osant les raviver. Le tout dans une approche positive.<\/p>\n<p>\u00c0 l\u2019heure actuelle, dans notre soci\u00e9t\u00e9, l\u2019image est devenue un vecteur important dans nos relations aux autres. Bien que bas\u00e9e sur les perceptions individuelles, elle est souvent conditionn\u00e9e par des diktats soci\u00e9taux, familiaux et culturels qu\u2019il est parfois difficile \u00e0 assumer ou ing\u00e9rer. Il en r\u00e9sulte alors de l\u2019insatisfaction corporelle voire du mal-\u00eatre \u00e0 des degr\u00e9s divers. Parfois incolore, inodore, incompris, mais bien r\u00e9el.<\/p>\n<p>Cette approche que nous proposons, en phase avec notre soci\u00e9t\u00e9 actuelle, permet de travailler un concept d\u2019ordre psychologique, l\u2019image de soi, en lien avec la photo, sans compromis ni retouche.<\/p>\n<p>Si dans ses balbutiements, la phototh\u00e9rapie a souvent amen\u00e9 les pionniers \u00e0 jouer un peu des deux r\u00f4les, \u00e0 la fois un peu photographe et un peu \u00ab\u2009th\u00e9rapeute\u2009\u00bb, le manque de ma\u00eetrise en profondeur de l\u2019un ou l\u2019autre de ces aspects ou pire, des deux \u00e0 la fois, appauvrit in\u00e9vitablement le r\u00e9sultat final. Nous pouvons aujourd\u2019hui bien s\u00e9parer les deux r\u00f4les afin que l\u2019expertise de l\u2019un nourri l\u2019autre. Mais soyons reconnaissant envers ceux qui ont exp\u00e9riment\u00e9 le principe pour que puissions, aujourd\u2019hui, offrir des solutions hautement pertinentes dans la recherche d\u2019un \u00e9panouissement personnel m\u00ealant in\u00e9vitablement le bien-\u00eatre du corps et de l\u2019esprit.<\/p>\n<p>L\u2019accomplissement de soi passe par la confiance en soi, principe qui s\u2019applique \u00e0 tous les domaines de la vie. Prenez le temps d\u2019y penser\u2026 Quel domaine de votre vie n\u2019en est pas tributaire de ces concepts d\u2019image de soi, de confiance en soi ou encore d\u2019estime de soi\u2009?<\/p>\n<p>Dans votre couple, au travail, dans la rue, \u00e0 l\u2019\u00e9cole&#8230;<\/p>\n<p>Si l\u2019image de soi peut \u00eatre un atout consid\u00e9rable, elle peut \u00e9galement repr\u00e9senter un frein r\u00e9el \u00e0 l\u2019\u00e9panouissement individuel. Il s\u2019agira alors de mettre en \u0153uvre une approche \u00e0 l\u2019impact positif imm\u00e9diat qui pourra s\u2019inscrire dans le temps. En effet, si la photographie a le pouvoir de l\u2019imm\u00e9diatet\u00e9, la psychologie, quant \u00e0 elle, permet d\u2019apporter le travail de compr\u00e9hension (s\u2019il s\u2019av\u00e8re n\u00e9cessaire) et a, alors, le pouvoir d\u2019\u00e9tayer et de cultiver les effets imm\u00e9diats de l\u2019image conforter le long terme.<\/p>\n<p>D\u00e8s lors, qu\u2019un Psychologue vous am\u00e8ne \u00e0 la phototh\u00e9rapie ou que la phototh\u00e9rapie vous conduise \u00e0 la psychologie, cela importe peu, car, dans mon concept, il s\u2019agit des deux faces de la m\u00eame pi\u00e8ce, VOUS, pi\u00e8ce ma\u00eetresse de votre \u00e9panouissement personnel.<\/p>\n<p>Globalement, la m\u00e9decine actuelle commence \u00e0 reconna\u00eetre le travail que nous nous r\u00e9alisons \u00e0 travers la conception que le corps et l\u2019esprit sont indissociables, ainsi que le travail de l\u2019un et de l\u2019autre pour une envisager une gu\u00e9rison durable.<\/p>\n<h1>Les principes de la Phototh\u00e9rapie<\/h1>\n<p>La Phototh\u00e9rapie n\u2019est pas la r\u00e9alisation d\u2019un portrait esth\u00e9tisant de la personne, mais bien la capture photographique de l&rsquo;\u00eatre humain au centre de la photo, sans artifice qui pourrait d\u00e9tourner l&rsquo;attention de la personne et ainsi, son expression.<\/p>\n<p>Le processus entrepris se base sur certains principes incontournables, fondements du concept qui le distingue du processus du \u00ab\u00a0portrait\u00a0\u00bb.<\/p>\n<h2>De l\u2019utilisation de Photoshop<\/h2>\n<p>Il est bien entendu \u00e0 proscrire. Y recourir reviendrait \u00e0 mentir \u00e0 la personne qui vous fait confiance pour l\u2019aider \u00e0 d\u00e9couvrir qui il\/elle est. Le plus important dans une s\u00e9ance est et reste que la personne se sente belle telle qu\u2019elle est, loin de l\u2019image sur papier glac\u00e9 des beaut\u00e9s rendues parfaites par des artifices des plus indescriptibles. Ce principe est essentiel car il existe une corr\u00e9lation effective entre la beaut\u00e9 r\u00e9elle et la beaut\u00e9 per\u00e7ue.<\/p>\n<h2>De l\u2019utilisation de la lumi\u00e8re<\/h2>\n<p>La lumi\u00e8re naturelle a ceci de particulier, elle ne ment pas. Elle ne changera pas l\u2019aspect d\u2019une personne au contraire du flash intrusif et violent qui selon son orientation, par exemple, peut transformer l\u2019image.<\/p>\n<h2>De l\u2019utilisation du d\u00e9cor<\/h2>\n<p>Si un d\u00e9cor peut ajouter au portait par un effet de mise en sc\u00e8ne, en Phototh\u00e9rapie, la plus-value esth\u00e9tique que nous pourrions lui trouver n\u2019apporterait rien \u00e0 l\u2019objectif premier qui reste la rencontre entre le sujet photographi\u00e9 et son image. La beaut\u00e9 recherch\u00e9e doit \u00e9maner de la personne et seulement d\u2019elle.<\/p>\n<h2>Du recours au stylisme<\/h2>\n<p>Loin du reportage de mode, la Phototh\u00e9rapie met la personne au centre de son objectif. C\u2019est pourquoi le v\u00eatement sera personnel. Le stylisme sera un \u00e9l\u00e9ment qui ne prendra pas trop de place m\u00eame si il peut \u00eatre beau. Il peut mettre la personne en valeur mais ne doit pas prendre le dessus.<\/p>\n<h2>Du facteur \u00ab\u00a0temps\u00a0\u00bb<\/h2>\n<p>Si le temps est, par d\u00e9finition, incompressible, chaque personne est diff\u00e9rente dans son acceptation d\u2019elle-m\u00eame. Il faudra alors accorder \u00e0 chacun(e) le temps n\u00e9cessaire pour lui permettre d&rsquo;\u00e9voluer \u00e0 son rythme, en \u00e9cartant la pression ou le stress qui ne seraient que contre-productifs.<\/p>\n<p>Le respect et la bienveillance sont les mots-cl\u00e9s de la journ\u00e9e, ils n\u00e9cessitent de prendre le temps, de progresser ensemble et d\u2019appr\u00e9cier chaque minute.<\/p>\n<h2>Du facteur \u00ab\u00a0lieu\u00a0\u00bb<\/h2>\n<p>Le studio est situ\u00e9 en pleine campagne. Ce n&rsquo;est pas innocent, ni par hasard. Le processus de la Phototh\u00e9rapie n\u00e9cessite d&rsquo;extraire la personne de son environnement habituel et de lui proposer une bulle accueillante, r\u00e9confortante et s\u00e9curisante.<\/p>\n<p>C\u2019est ce que le studio propose. Baign\u00e9 de lumi\u00e8re, l\u2019espace aide \u00e0 faire \u00e9merger un sentiment de bien-\u00eatre catalyseur de la progression \u00e9voqu\u00e9e pr\u00e9c\u00e9demment.<\/p>\n<h2>Confidentialit\u00e9<\/h2>\n<p>Ce qui se passe dans le studio reste au studio. Les photos ne sont pas faites pour les autres mais pour soi m\u00eame. L\u2019expression sera sinc\u00e8re si elle est libre, qu\u2019elle n\u2019implique aucun risque peut importe se qu\u2019on ose faire en toute confiance. Ceci dit certaines personnes se lancent le d\u00e9fi personnel d\u2019un publier une. D\u2019autres le font pour t\u00e9moigner et essayer que le sujet ne soit plus tabou. Mais cela reste leur choix et uniquement leur choix.<\/p>\n<h2>Conclusion<\/h2>\n<p>Maintenant que vous en savez un peu plus sur ce qu&rsquo;est la Phototh\u00e9rapie, <a href=\"http:\/\/phototherapie.be\/index.php\/pour-qui\/\">lisez cet article<\/a> pour en savoir un peu plus sur l&rsquo;origine des personnes qui font appel \u00e0 nos services.<\/p>\n<h3 style=\"text-align: center;\"><strong>Des questions ? Des commentaires ?<br \/>\n<\/strong>Partagez-nous votre ressenti<\/h3>\n","protected":false},"excerpt":{"rendered":"<p>Qu&rsquo;est-ce que la Phototh\u00e9rapie? Origines &#8211; Significations &#8211; Principe La phototh\u00e9rapie n\u2019est pas nouvelle en soi. Cependant, ma Phototh\u00e9rapie n\u2019est pas de la phototh\u00e9rapie traditionnelle. Elle consiste \u00e0 mettre mon exp\u00e9rience professionnelle, mon art, mon \u0153il et ma sensibilit\u00e9 au service de votre \u00e9mancipation. En suscitant les multiples facettes de votre personnalit\u00e9 parfois oubli\u00e9es, r\u00e9sign\u00e9es&hellip;<\/p>\n","protected":false},"author":1,"featured_media":0,"parent":0,"menu_order":0,"comment_status":"closed","ping_status":"closed","template":"","meta":[],"_links":{"self":[{"href":"https:\/\/phototherapie.be\/index.php\/wp-json\/wp\/v2\/pages\/9"}],"collection":[{"href":"https:\/\/phototherapie.be\/index.php\/wp-json\/wp\/v2\/pages"}],"about":[{"href":"https:\/\/phototherapie.be\/index.php\/wp-json\/wp\/v2\/types\/page"}],"author":[{"embeddable":true,"href":"https:\/\/phototherapie.be\/index.php\/wp-json\/wp\/v2\/users\/1"}],"replies":[{"embeddable":true,"href":"https:\/\/phototherapie.be\/index.php\/wp-json\/wp\/v2\/comments?post=9"}],"version-history":[{"count":19,"href":"https:\/\/phototherapie.be\/index.php\/wp-json\/wp\/v2\/pages\/9\/revisions"}],"predecessor-version":[{"id":267,"href":"https:\/\/phototherapie.be\/index.php\/wp-json\/wp\/v2\/pages\/9\/revisions\/267"}],"wp:attachment":[{"href":"https:\/\/phototherapie.be\/index.php\/wp-json\/wp\/v2\/media?parent=9"}],"curies":[{"name":"wp","href":"https:\/\/api.w.org\/{rel}","templated":true}]}}

La photothérapie c’est quoi ?

<h4 style="text-align: center;">Qu&rsquo;est-ce que la Photothérapie?</h4>
<h4 style="text-align: center;">Origines &#8211; Significations &#8211; Principe</h4>
<p>La photothérapie n’est pas nouvelle en soi. Cependant, ma Photothérapie n’est pas de la photothérapie traditionnelle. Elle consiste à mettre mon expérience professionnelle, mon art, mon œil et ma sensibilité au service de votre émancipation. En suscitant les multiples facettes de votre personnalité parfois oubliées, résignées et en osant les raviver. Le tout dans une approche positive.</p>
<p>À l’heure actuelle, dans notre société, l’image est devenue un vecteur important dans nos relations aux autres. Bien que basée sur les perceptions individuelles, elle est souvent conditionnée par des diktats sociétaux, familiaux et culturels qu’il est parfois difficile à assumer ou ingérer. Il en résulte alors de l’insatisfaction corporelle voire du mal-être à des degrés divers. Parfois incolore, inodore, incompris, mais bien réel.</p>
<p>Cette approche que nous proposons, en phase avec notre société actuelle, permet de travailler un concept d’ordre psychologique, l’image de soi, en lien avec la photo, sans compromis ni retouche.</p>
<p>Si dans ses balbutiements, la photothérapie a souvent amené les pionniers à jouer un peu des deux rôles, à la fois un peu photographe et un peu « thérapeute », le manque de maîtrise en profondeur de l’un ou l’autre de ces aspects ou pire, des deux à la fois, appauvrit inévitablement le résultat final. Nous pouvons aujourd’hui bien séparer les deux rôles afin que l’expertise de l’un nourri l’autre. Mais soyons reconnaissant envers ceux qui ont expérimenté le principe pour que puissions, aujourd’hui, offrir des solutions hautement pertinentes dans la recherche d’un épanouissement personnel mêlant inévitablement le bien-être du corps et de l’esprit.</p>
<p>L’accomplissement de soi passe par la confiance en soi, principe qui s’applique à tous les domaines de la vie. Prenez le temps d’y penser… Quel domaine de votre vie n’en est pas tributaire de ces concepts d’image de soi, de confiance en soi ou encore d’estime de soi ?</p>
<p>Dans votre couple, au travail, dans la rue, à l’école&#8230;</p>
<p>Si l’image de soi peut être un atout considérable, elle peut également représenter un frein réel à l’épanouissement individuel. Il s’agira alors de mettre en œuvre une approche à l’impact positif immédiat qui pourra s’inscrire dans le temps. En effet, si la photographie a le pouvoir de l’immédiateté, la psychologie, quant à elle, permet d’apporter le travail de compréhension (s’il s’avère nécessaire) et a, alors, le pouvoir d’étayer et de cultiver les effets immédiats de l’image conforter le long terme.</p>
<p>Dès lors, qu’un Psychologue vous amène à la photothérapie ou que la photothérapie vous conduise à la psychologie, cela importe peu, car, dans mon concept, il s’agit des deux faces de la même pièce, VOUS, pièce maîtresse de votre épanouissement personnel.</p>
<p>Globalement, la médecine actuelle commence à reconnaître le travail que nous nous réalisons à travers la conception que le corps et l’esprit sont indissociables, ainsi que le travail de l’un et de l’autre pour une envisager une guérison durable.</p>
<h1>Les principes de la Photothérapie</h1>
<p>La Photothérapie n’est pas la réalisation d’un portrait esthétisant de la personne, mais bien la capture photographique de l&rsquo;être humain au centre de la photo, sans artifice qui pourrait détourner l&rsquo;attention de la personne et ainsi, son expression.</p>
<p>Le processus entrepris se base sur certains principes incontournables, fondements du concept qui le distingue du processus du « portrait ».</p>
<h2>De l’utilisation de Photoshop</h2>
<p>Il est bien entendu à proscrire. Y recourir reviendrait à mentir à la personne qui vous fait confiance pour l’aider à découvrir qui il/elle est. Le plus important dans une séance est et reste que la personne se sente belle telle qu’elle est, loin de l’image sur papier glacé des beautés rendues parfaites par des artifices des plus indescriptibles. Ce principe est essentiel car il existe une corrélation effective entre la beauté réelle et la beauté perçue.</p>
<h2>De l’utilisation de la lumière</h2>
<p>La lumière naturelle a ceci de particulier, elle ne ment pas. Elle ne changera pas l’aspect d’une personne au contraire du flash intrusif et violent qui selon son orientation, par exemple, peut transformer l’image.</p>
<h2>De l’utilisation du décor</h2>
<p>Si un décor peut ajouter au portait par un effet de mise en scène, en Photothérapie, la plus-value esthétique que nous pourrions lui trouver n’apporterait rien à l’objectif premier qui reste la rencontre entre le sujet photographié et son image. La beauté recherchée doit émaner de la personne et seulement d’elle.</p>
<h2>Du recours au stylisme</h2>
<p>Loin du reportage de mode, la Photothérapie met la personne au centre de son objectif. C’est pourquoi le vêtement sera personnel. Le stylisme sera un élément qui ne prendra pas trop de place même si il peut être beau. Il peut mettre la personne en valeur mais ne doit pas prendre le dessus.</p>
<h2>Du facteur « temps »</h2>
<p>Si le temps est, par définition, incompressible, chaque personne est différente dans son acceptation d’elle-même. Il faudra alors accorder à chacun(e) le temps nécessaire pour lui permettre d&rsquo;évoluer à son rythme, en écartant la pression ou le stress qui ne seraient que contre-productifs.</p>
<p>Le respect et la bienveillance sont les mots-clés de la journée, ils nécessitent de prendre le temps, de progresser ensemble et d’apprécier chaque minute.</p>
<h2>Du facteur « lieu »</h2>
<p>Le studio est situé en pleine campagne. Ce n&rsquo;est pas innocent, ni par hasard. Le processus de la Photothérapie nécessite d&rsquo;extraire la personne de son environnement habituel et de lui proposer une bulle accueillante, réconfortante et sécurisante.</p>
<p>C’est ce que le studio propose. Baigné de lumière, l’espace aide à faire émerger un sentiment de bien-être catalyseur de la progression évoquée précédemment.</p>
<h2>Confidentialité</h2>
<p>Ce qui se passe dans le studio reste au studio. Les photos ne sont pas faites pour les autres mais pour soi même. L’expression sera sincère si elle est libre, qu’elle n’implique aucun risque peut importe se qu’on ose faire en toute confiance. Ceci dit certaines personnes se lancent le défi personnel d’un publier une. D’autres le font pour témoigner et essayer que le sujet ne soit plus tabou. Mais cela reste leur choix et uniquement leur choix.</p>
<h2>Conclusion</h2>
<p>Maintenant que vous en savez un peu plus sur ce qu&rsquo;est la Photothérapie, <a href="http://phototherapie.be/index.php/pour-qui/">lisez cet article</a> pour en savoir un peu plus sur l&rsquo;origine des personnes qui font appel à nos services.</p>
<h3 style="text-align: center;"><strong>Des questions ? Des commentaires ?<br />
</strong>Partagez-nous votre ressenti</h3>

<p>Qu&rsquo;est-ce que la Photothérapie? Origines &#8211; Significations &#8211; Principe La photothérapie n’est pas nouvelle en soi. Cependant, ma Photothérapie n’est pas de la photothérapie traditionnelle. Elle consiste à mettre mon expérience professionnelle, mon art, mon œil et ma sensibilité au service de votre émancipation. En suscitant les multiples facettes de votre personnalité parfois oubliées, résignées&hellip;</p>
